CRAN Package Check Results for Package Certara.R

Last updated on 2025-11-22 17:49:25 CET.

Flavor Version Tinstall Tcheck Ttotal Status Flags
r-devel-linux-x86_64-debian-clang 1.1.0 2.13 21.41 23.54 OK
r-devel-linux-x86_64-debian-gcc 1.1.0 1.57 17.61 19.18 OK
r-devel-linux-x86_64-fedora-clang 1.1.0 31.90 NOTE
r-devel-windows-x86_64 1.1.0 16.00 38.00 54.00 OK
r-patched-linux-x86_64 1.1.0 2.14 18.75 20.89 OK
r-release-linux-x86_64 1.1.0 2.06 18.59 20.65 OK
r-release-macos-arm64 1.1.0 OK
r-release-macos-x86_64 1.1.0 2.00 20.00 22.00 OK
r-release-windows-x86_64 1.1.0 6.00 38.00 44.00 OK
r-oldrel-macos-arm64 1.1.0 OK
r-oldrel-macos-x86_64 1.1.0 2.00 27.00 29.00 OK
r-oldrel-windows-x86_64 1.1.0 6.00 43.00 49.00 OK

Check Details

Version: 1.1.0
Check: dependencies in R code
Result: NOTE Namespaces in Imports field not imported from: ‘DT’ ‘batchtools’ ‘data.table’ ‘dplyr’ ‘ggplot2’ ‘htmltools’ ‘jsonlite’ ‘magrittr’ ‘methods’ ‘plotly’ ‘reshape’ ‘rlang’ ‘shiny’ ‘shinyWidgets’ ‘shinyjqui’ ‘shinyjs’ ‘shinymaterial’ ‘sortable’ ‘ssh’ ‘xml2’ All declared Imports should be used. Flavor: r-devel-linux-x86_64-fedora-clang

mirror server hosted at Truenetwork, Russian Federation.