CRAN Package Check Results for Package CircMLE

Last updated on 2025-11-03 17:49:45 CET.

Flavor Version Tinstall Tcheck Ttotal Status Flags
r-devel-linux-x86_64-debian-clang 0.3.0 3.90 47.37 51.27 NOTE
r-devel-linux-x86_64-debian-gcc 0.3.0 2.78 32.56 35.34 NOTE
r-devel-linux-x86_64-fedora-clang 0.3.0 24.00 63.25 87.25 OK
r-devel-linux-x86_64-fedora-gcc 0.3.0 73.92 OK
r-devel-windows-x86_64 0.3.0 5.00 62.00 67.00 OK
r-patched-linux-x86_64 0.3.0 4.04 44.41 48.45 OK
r-release-linux-x86_64 0.3.0 3.96 44.78 48.74 OK
r-release-macos-arm64 0.3.0 2.00 26.00 28.00 OK
r-release-macos-x86_64 0.3.0 4.00 42.00 46.00 OK
r-release-windows-x86_64 0.3.0 5.00 59.00 64.00 OK
r-oldrel-macos-arm64 0.3.0 2.00 25.00 27.00 NOTE
r-oldrel-macos-x86_64 0.3.0 3.00 33.00 36.00 NOTE
r-oldrel-windows-x86_64 0.3.0 6.00 74.00 80.00 NOTE

Check Details

Version: 0.3.0
Check: CRAN incoming feasibility
Result: NOTE Maintainer: ‘Robert Fitak <rfitak9@gmail.com>’ Package CITATION file contains call(s) to old-style personList() or as.personList(). Please use c() on person objects instead. Package CITATION file contains call(s) to old-style citEntry(). Please use bibentry() instead. Flavors: r-devel-linux-x86_64-debian-clang, r-devel-linux-x86_64-debian-gcc

Version: 0.3.0
Check: LazyData
Result: NOTE 'LazyData' is specified without a 'data' directory Flavors: r-oldrel-macos-arm64, r-oldrel-macos-x86_64, r-oldrel-windows-x86_64

mirror server hosted at Truenetwork, Russian Federation.