Last updated on 2025-11-02 23:49:33 CET.
| Flavor | Version | Tinstall | Tcheck | Ttotal | Status | Flags |
|---|---|---|---|---|---|---|
| r-devel-linux-x86_64-debian-clang | 0.4.4 | 15.95 | 119.05 | 135.00 | NOTE | |
| r-devel-linux-x86_64-debian-gcc | 0.4.4 | 10.20 | 81.73 | 91.93 | NOTE | |
| r-devel-linux-x86_64-fedora-clang | 0.4.4 | 94.00 | 128.77 | 222.77 | OK | |
| r-devel-linux-x86_64-fedora-gcc | 0.4.4 | 35.00 | 152.39 | 187.39 | OK | |
| r-devel-windows-x86_64 | 0.4.4 | 15.00 | 112.00 | 127.00 | OK | |
| r-patched-linux-x86_64 | 0.4.4 | 14.42 | 110.07 | 124.49 | OK | |
| r-release-linux-x86_64 | 0.4.4 | 12.75 | 114.44 | 127.19 | OK | |
| r-release-macos-arm64 | 0.4.4 | 6.00 | 46.00 | 52.00 | OK | |
| r-release-macos-x86_64 | 0.4.4 | 11.00 | 92.00 | 103.00 | OK | |
| r-release-windows-x86_64 | 0.4.4 | 15.00 | 108.00 | 123.00 | OK | |
| r-oldrel-macos-arm64 | 0.4.4 | 6.00 | 42.00 | 48.00 | NOTE | |
| r-oldrel-macos-x86_64 | 0.4.4 | 9.00 | 63.00 | 72.00 | NOTE | |
| r-oldrel-windows-x86_64 | 0.4.4 | 20.00 | 147.00 | 167.00 | NOTE |
Version: 0.4.4
Check: CRAN incoming feasibility
Result: NOTE
Maintainer: ‘James Conigrave <james.conigrave@gmail.com>’
No Authors@R field in DESCRIPTION.
Please add one, modifying
Authors@R: person(given = "James",
family = "Conigrave",
role = c("aut", "cre"),
email = "james.conigrave@gmail.com")
as necessary.
Flavors: r-devel-linux-x86_64-debian-clang, r-devel-linux-x86_64-debian-gcc
Version: 0.4.4
Check: LazyData
Result: NOTE
'LazyData' is specified without a 'data' directory
Flavors: r-oldrel-macos-arm64, r-oldrel-macos-x86_64, r-oldrel-windows-x86_64