Last updated on 2025-11-24 11:50:03 CET.
| Flavor | Version | Tinstall | Tcheck | Ttotal | Status | Flags |
|---|---|---|---|---|---|---|
| r-devel-linux-x86_64-debian-clang | 1.1.0 | 6.19 | 120.73 | 126.92 | OK | |
| r-devel-linux-x86_64-debian-gcc | 1.1.0 | 4.44 | 89.76 | 94.20 | OK | |
| r-devel-linux-x86_64-fedora-clang | 1.1.0 | 16.00 | 164.98 | 180.98 | OK | |
| r-devel-windows-x86_64 | 1.1.0 | 10.00 | 239.00 | 249.00 | OK | |
| r-patched-linux-x86_64 | 1.1.0 | 5.60 | 116.99 | 122.59 | OK | |
| r-release-linux-x86_64 | 1.1.0 | 6.14 | 116.50 | 122.64 | OK | |
| r-release-macos-arm64 | 1.1.0 | OK | ||||
| r-release-macos-x86_64 | 1.1.0 | 6.00 | 254.00 | 260.00 | OK | |
| r-release-windows-x86_64 | 1.1.0 | 9.00 | 226.00 | 235.00 | OK | |
| r-oldrel-macos-arm64 | 1.1.0 | NOTE | ||||
| r-oldrel-macos-x86_64 | 1.1.0 | 6.00 | 224.00 | 230.00 | NOTE | |
| r-oldrel-windows-x86_64 | 1.1.0 | 11.00 | 338.00 | 349.00 | NOTE |
Version: 1.1.0
Check: installed package size
Result: NOTE
installed size is 6.5Mb
sub-directories of 1Mb or more:
doc 5.4Mb
Flavors: r-oldrel-macos-arm64, r-oldrel-macos-x86_64, r-oldrel-windows-x86_64