Last updated on 2025-05-09 00:50:00 CEST.
Flavor | Version | Tinstall | Tcheck | Ttotal | Status | Flags |
---|---|---|---|---|---|---|
r-devel-linux-x86_64-debian-clang | 1.2.7 | 10.41 | 91.53 | 101.94 | NOTE | |
r-devel-linux-x86_64-debian-gcc | 1.2.7 | 6.99 | 64.98 | 71.97 | NOTE | |
r-devel-linux-x86_64-fedora-clang | 1.2.7 | 152.21 | OK | |||
r-devel-linux-x86_64-fedora-gcc | 1.2.7 | 165.75 | OK | |||
r-devel-windows-x86_64 | 1.2.7 | 14.00 | 128.00 | 142.00 | OK | |
r-patched-linux-x86_64 | 1.2.7 | 11.18 | 85.82 | 97.00 | OK | |
r-release-linux-x86_64 | 1.2.7 | 9.87 | 86.61 | 96.48 | OK | |
r-release-macos-arm64 | 1.2.7 | 62.00 | OK | |||
r-release-macos-x86_64 | 1.2.7 | 98.00 | OK | |||
r-release-windows-x86_64 | 1.2.7 | 12.00 | 130.00 | 142.00 | OK | |
r-oldrel-macos-arm64 | 1.2.7 | 49.00 | OK | |||
r-oldrel-macos-x86_64 | 1.2.7 | 79.00 | OK | |||
r-oldrel-windows-x86_64 | 1.2.7 | 17.00 | 157.00 | 174.00 | OK |
Version: 1.2.7
Check: CRAN incoming feasibility
Result: NOTE
Maintainer: ‘Haydar Demirhan <haydar.demirhan@rmit.edu.au>’
No Authors@R field in DESCRIPTION.
Please add one, modifying
Authors@R: person(given = "Haydar",
family = "Demirhan",
role = c("aut", "cre"),
email = "haydar.demirhan@rmit.edu.au",
comment = c(ORCID = "0000-0002-8565-4710"))
as necessary.
Package CITATION file contains call(s) to old-style personList() or
as.personList(). Please use c() on person objects instead.
Package CITATION file contains call(s) to old-style citEntry(). Please
use bibentry() instead.
Flavors: r-devel-linux-x86_64-debian-clang, r-devel-linux-x86_64-debian-gcc