Last updated on 2025-05-09 18:50:12 CEST.
Flavor | Version | Tinstall | Tcheck | Ttotal | Status | Flags |
---|---|---|---|---|---|---|
r-devel-linux-x86_64-debian-clang | 1.0.6 | 5.64 | 126.39 | 132.03 | NOTE | |
r-devel-linux-x86_64-debian-gcc | 1.0.6 | 3.09 | 91.61 | 94.70 | NOTE | |
r-devel-linux-x86_64-fedora-clang | 1.0.6 | 226.58 | NOTE | |||
r-devel-linux-x86_64-fedora-gcc | 1.0.6 | 219.68 | NOTE | |||
r-devel-windows-x86_64 | 1.0.6 | 7.00 | 154.00 | 161.00 | NOTE | |
r-patched-linux-x86_64 | 1.0.6 | 5.36 | 121.75 | 127.11 | NOTE | |
r-release-linux-x86_64 | 1.0.6 | 5.35 | 119.18 | 124.53 | NOTE | |
r-release-macos-arm64 | 1.0.6 | 37.00 | NOTE | |||
r-release-macos-x86_64 | 1.0.6 | 61.00 | NOTE | |||
r-release-windows-x86_64 | 1.0.6 | 7.00 | 157.00 | 164.00 | NOTE | |
r-oldrel-macos-arm64 | 1.0.6 | 35.00 | NOTE | |||
r-oldrel-macos-x86_64 | 1.0.6 | 149.00 | NOTE | |||
r-oldrel-windows-x86_64 | 1.0.6 | 10.00 | 190.00 | 200.00 | NOTE |
Version: 1.0.6
Check: Rd files
Result: NOTE
checkRd: (-1) runContrasts.Rd:79: Lost braces in \itemize; meant \describe ?
checkRd: (-1) runContrasts.Rd:80: Lost braces in \itemize; meant \describe ?
checkRd: (-1) runContrasts.Rd:81: Lost braces in \itemize; meant \describe ?
checkRd: (-1) runContrasts.Rd:82: Lost braces in \itemize; meant \describe ?
Flavors: r-devel-linux-x86_64-debian-clang, r-devel-linux-x86_64-debian-gcc, r-devel-linux-x86_64-fedora-clang, r-devel-linux-x86_64-fedora-gcc, r-devel-windows-x86_64, r-patched-linux-x86_64, r-release-linux-x86_64, r-release-macos-arm64, r-release-macos-x86_64, r-release-windows-x86_64, r-oldrel-macos-arm64, r-oldrel-macos-x86_64, r-oldrel-windows-x86_64
Version: 1.0.6
Check: package dependencies
Result: NOTE
Package suggested but not available for checking: ‘zFPKM’
Flavor: r-oldrel-macos-arm64