CRAN Package Check Results for Package DWaveNARDL

Last updated on 2025-07-13 00:48:24 CEST.

Flavor Version Tinstall Tcheck Ttotal Status Flags
r-devel-linux-x86_64-debian-clang 0.1.0 2.69 26.62 29.31 OK
r-devel-linux-x86_64-debian-gcc 0.1.0 2.27 21.43 23.70 OK
r-devel-linux-x86_64-fedora-clang 0.1.0 47.56 NOTE
r-devel-linux-x86_64-fedora-gcc 0.1.0 43.34 NOTE
r-devel-windows-x86_64 0.1.0 4.00 46.00 50.00 OK
r-patched-linux-x86_64 0.1.0 2.89 25.22 28.11 OK
r-release-linux-x86_64 0.1.0 2.52 25.06 27.58 OK
r-release-macos-arm64 0.1.0 18.00 OK
r-release-macos-x86_64 0.1.0 34.00 OK
r-release-windows-x86_64 0.1.0 5.00 52.00 57.00 OK
r-oldrel-macos-arm64 0.1.0 25.00 OK
r-oldrel-macos-x86_64 0.1.0 38.00 OK
r-oldrel-windows-x86_64 0.1.0 6.00 56.00 62.00 OK

Check Details

Version: 0.1.0
Check: dependencies in R code
Result: NOTE Namespace in Imports field not imported from: ‘roxygen2’ All declared Imports should be used. Flavors: r-devel-linux-x86_64-fedora-clang, r-devel-linux-x86_64-fedora-gcc

mirror server hosted at Truenetwork, Russian Federation.