CRAN Package Check Results for Package DeltaMAN

Last updated on 2025-11-22 05:48:32 CET.

Flavor Version Tinstall Tcheck Ttotal Status Flags
r-devel-linux-x86_64-debian-clang 0.5.0 2.78 26.15 28.93 OK
r-devel-linux-x86_64-debian-gcc 0.5.0 2.33 19.90 22.23 OK
r-devel-linux-x86_64-fedora-clang 0.5.0 45.19 NOTE
r-devel-windows-x86_64 0.5.0 7.00 41.00 48.00 OK
r-patched-linux-x86_64 0.5.0 3.36 24.06 27.42 OK
r-release-linux-x86_64 0.5.0 2.83 24.45 27.28 OK
r-release-macos-arm64 0.5.0 OK
r-release-macos-x86_64 0.5.0 3.00 26.00 29.00 OK
r-release-windows-x86_64 0.5.0 5.00 42.00 47.00 OK
r-oldrel-macos-arm64 0.5.0 OK
r-oldrel-macos-x86_64 0.5.0 2.00 23.00 25.00 OK
r-oldrel-windows-x86_64 0.5.0 7.00 47.00 54.00 OK

Check Details

Version: 0.5.0
Check: dependencies in R code
Result: NOTE Namespaces in Imports field not imported from: ‘knitr’ ‘shinyBS’ ‘shinyMatrix’ All declared Imports should be used. Flavor: r-devel-linux-x86_64-fedora-clang

mirror server hosted at Truenetwork, Russian Federation.