CRAN Package Check Results for Package DemografixeR

Last updated on 2025-02-22 11:51:23 CET.

Flavor Version Tinstall Tcheck Ttotal Status Flags
r-devel-linux-x86_64-debian-clang 0.1.1 1.81 24.85 26.66 OK
r-devel-linux-x86_64-debian-gcc 0.1.1 1.48 20.25 21.73 OK
r-devel-linux-x86_64-fedora-clang 0.1.1 43.49 OK
r-devel-linux-x86_64-fedora-gcc 0.1.1 55.11 OK
r-devel-macos-arm64 0.1.1 32.00 OK
r-devel-macos-x86_64 0.1.1 49.00 OK
r-devel-windows-x86_64 0.1.1 3.00 49.00 52.00 OK
r-patched-linux-x86_64 0.1.1 2.06 23.76 25.82 NOTE
r-release-linux-x86_64 0.1.1 1.59 23.64 25.23 NOTE
r-release-macos-arm64 0.1.1 38.00 NOTE
r-release-macos-x86_64 0.1.1 40.00 NOTE
r-release-windows-x86_64 0.1.1 3.00 49.00 52.00 NOTE
r-oldrel-macos-arm64 0.1.1 26.00 NOTE
r-oldrel-macos-x86_64 0.1.1 35.00 NOTE
r-oldrel-windows-x86_64 0.1.1 4.00 51.00 55.00 NOTE

Check Details

Version: 0.1.1
Check: LazyData
Result: NOTE 'LazyData' is specified without a 'data' directory Flavors: r-patched-linux-x86_64, r-release-linux-x86_64, r-release-macos-arm64, r-release-macos-x86_64, r-release-windows-x86_64, r-oldrel-macos-arm64, r-oldrel-macos-x86_64, r-oldrel-windows-x86_64

mirror server hosted at Truenetwork, Russian Federation.