CRAN Package Check Results for Package DendSer

Last updated on 2025-02-22 17:49:42 CET.

Flavor Version Tinstall Tcheck Ttotal Status Flags
r-devel-linux-x86_64-debian-clang 1.0.2 3.93 23.86 27.79 NOTE
r-devel-linux-x86_64-debian-gcc 1.0.2 3.06 18.49 21.55 NOTE
r-devel-linux-x86_64-fedora-clang 1.0.2 42.61 NOTE
r-devel-linux-x86_64-fedora-gcc 1.0.2 40.29 NOTE
r-devel-macos-arm64 1.0.2 23.00 NOTE
r-devel-macos-x86_64 1.0.2 35.00 NOTE
r-devel-windows-x86_64 1.0.2 9.00 49.00 58.00 NOTE
r-patched-linux-x86_64 1.0.2 3.53 21.87 25.40 NOTE
r-release-linux-x86_64 1.0.2 3.50 22.45 25.95 NOTE
r-release-macos-arm64 1.0.2 22.00 NOTE
r-release-macos-x86_64 1.0.2 33.00 NOTE
r-release-windows-x86_64 1.0.2 8.00 47.00 55.00 NOTE
r-oldrel-macos-arm64 1.0.2 19.00 NOTE
r-oldrel-macos-x86_64 1.0.2 28.00 NOTE
r-oldrel-windows-x86_64 1.0.2 9.00 49.00 58.00 NOTE

Check Details

Version: 1.0.2
Check: Rd files
Result: NOTE checkRd: (-1) DendSer.Rd:50: Escaped LaTeX specials: \& Flavors: r-devel-linux-x86_64-debian-clang, r-devel-linux-x86_64-debian-gcc, r-devel-linux-x86_64-fedora-clang, r-devel-linux-x86_64-fedora-gcc, r-devel-macos-arm64, r-devel-macos-x86_64, r-devel-windows-x86_64, r-patched-linux-x86_64, r-release-linux-x86_64, r-release-macos-arm64, r-release-macos-x86_64, r-release-windows-x86_64, r-oldrel-macos-arm64, r-oldrel-macos-x86_64, r-oldrel-windows-x86_64

Version: 1.0.2
Check: for unstated dependencies in ‘demo’
Result: NOTE 'library' or 'require' calls not declared from: ‘HSAUR2’ ‘Iyer517’ ‘PairViz’ ‘RColorBrewer’ ‘mvtnorm’ ‘scagnostics’ Flavors: r-devel-linux-x86_64-debian-clang, r-devel-linux-x86_64-debian-gcc

mirror server hosted at Truenetwork, Russian Federation.