CRAN Package Check Results for Package DiSSMod

Last updated on 2025-11-22 17:49:28 CET.

Flavor Version Tinstall Tcheck Ttotal Status Flags
r-devel-linux-x86_64-debian-clang 1.0.0 6.38 74.75 81.13 NOTE
r-devel-linux-x86_64-debian-gcc 1.0.0 5.51 52.42 57.93 NOTE
r-devel-linux-x86_64-fedora-clang 1.0.0 34.00 109.83 143.83 OK
r-devel-windows-x86_64 1.0.0 10.00 94.00 104.00 OK
r-patched-linux-x86_64 1.0.0 6.36 69.99 76.35 OK
r-release-linux-x86_64 1.0.0 7.26 71.20 78.46 OK
r-release-macos-arm64 1.0.0 OK
r-release-macos-x86_64 1.0.0 5.00 63.00 68.00 OK
r-release-windows-x86_64 1.0.0 8.00 93.00 101.00 OK
r-oldrel-macos-arm64 1.0.0 OK
r-oldrel-macos-x86_64 1.0.0 5.00 51.00 56.00 OK
r-oldrel-windows-x86_64 1.0.0 10.00 113.00 123.00 OK

Check Details

Version: 1.0.0
Check: CRAN incoming feasibility
Result: NOTE Maintainer: ‘Sang Kyu Lee <lsk0816@gmail.com>’ No Authors@R field in DESCRIPTION. Please add one, modifying Authors@R: c(person(given = c("Sang", "Kyu"), family = "Lee", role = c("aut", "cre"), email = "lsk0816@gmail.com"), person(given = "Adelchi", family = "Azzalini", role = "aut", email = "adelchi.azzalini@unipd.it"), person(given = "Hyoung-Moon", family = "Kim", role = "aut", email = "hmk966a@gmail.com")) as necessary. Package CITATION file contains call(s) to old-style personList() or as.personList(). Please use c() on person objects instead. Package CITATION file contains call(s) to old-style citEntry(). Please use bibentry() instead. Found the following URLs which should use \doi (with the DOI name only): File ‘CreditMDR.Rd’: https://doi.org/10.1007/s10260-018-0427-1 File ‘DiSSMod.Rd’: https://doi.org/10.1007/s10260-018-0427-1 File ‘DoctorRWM.Rd’: https://doi.org/10.1002/jae.680 https://doi.org/10.1007/s10260-018-0427-1 Flavors: r-devel-linux-x86_64-debian-clang, r-devel-linux-x86_64-debian-gcc

mirror server hosted at Truenetwork, Russian Federation.