Last updated on 2025-02-22 11:51:24 CET.
Flavor | Version | Tinstall | Tcheck | Ttotal | Status | Flags |
---|---|---|---|---|---|---|
r-devel-linux-x86_64-debian-clang | 0.1.0 | 2.97 | 21.52 | 24.49 | OK | |
r-devel-linux-x86_64-debian-gcc | 0.1.0 | 2.28 | 17.27 | 19.55 | OK | |
r-devel-linux-x86_64-fedora-clang | 0.1.0 | 39.40 | NOTE | |||
r-devel-linux-x86_64-fedora-gcc | 0.1.0 | 37.70 | NOTE | |||
r-devel-macos-arm64 | 0.1.0 | 17.00 | OK | |||
r-devel-macos-x86_64 | 0.1.0 | 31.00 | OK | |||
r-devel-windows-x86_64 | 0.1.0 | 4.00 | 49.00 | 53.00 | OK | |
r-patched-linux-x86_64 | 0.1.0 | 2.46 | 20.25 | 22.71 | NOTE | |
r-release-linux-x86_64 | 0.1.0 | 2.85 | 20.64 | 23.49 | NOTE | |
r-release-macos-arm64 | 0.1.0 | 18.00 | NOTE | |||
r-release-macos-x86_64 | 0.1.0 | 23.00 | NOTE | |||
r-release-windows-x86_64 | 0.1.0 | 5.00 | 50.00 | 55.00 | NOTE | |
r-oldrel-macos-arm64 | 0.1.0 | 19.00 | NOTE | |||
r-oldrel-macos-x86_64 | 0.1.0 | 25.00 | NOTE | |||
r-oldrel-windows-x86_64 | 0.1.0 | 4.00 | 50.00 | 54.00 | NOTE |
Version: 0.1.0
Check: dependencies in R code
Result: NOTE
Namespaces in Imports field not imported from:
‘R6’ ‘dplyr’ ‘purrr’
All declared Imports should be used.
Flavors: r-devel-linux-x86_64-fedora-clang, r-devel-linux-x86_64-fedora-gcc
Version: 0.1.0
Check: LazyData
Result: NOTE
'LazyData' is specified without a 'data' directory
Flavors: r-patched-linux-x86_64, r-release-linux-x86_64, r-release-macos-arm64, r-release-macos-x86_64, r-release-windows-x86_64, r-oldrel-macos-arm64, r-oldrel-macos-x86_64, r-oldrel-windows-x86_64