CRAN Package Check Results for Package DiscreteQvalue

Last updated on 2025-11-03 05:50:39 CET.

Flavor Version Tinstall Tcheck Ttotal Status Flags
r-devel-linux-x86_64-debian-clang 1.1 1.71 20.07 21.78 OK
r-devel-linux-x86_64-debian-gcc 1.1 1.44 16.69 18.13 OK
r-devel-linux-x86_64-fedora-clang 1.1 32.37 OK
r-devel-linux-x86_64-fedora-gcc 1.1 31.11 OK
r-devel-windows-x86_64 1.1 3.00 38.00 41.00 OK
r-patched-linux-x86_64 1.1 1.65 19.02 20.67 OK
r-release-linux-x86_64 1.1 1.82 19.01 20.83 OK
r-release-macos-arm64 1.1 1.00 13.00 14.00 OK
r-release-macos-x86_64 1.1 2.00 21.00 23.00 OK
r-release-windows-x86_64 1.1 2.00 37.00 39.00 OK
r-oldrel-macos-arm64 1.1 1.00 14.00 15.00 NOTE
r-oldrel-macos-x86_64 1.1 1.00 18.00 19.00 NOTE
r-oldrel-windows-x86_64 1.1 4.00 41.00 45.00 NOTE

Check Details

Version: 1.1
Check: LazyData
Result: NOTE 'LazyData' is specified without a 'data' directory Flavors: r-oldrel-macos-arm64, r-oldrel-macos-x86_64, r-oldrel-windows-x86_64

mirror server hosted at Truenetwork, Russian Federation.