CRAN Package Check Results for Package DiscreteWeibull

Last updated on 2025-11-24 17:49:55 CET.

Flavor Version Tinstall Tcheck Ttotal Status Flags
r-devel-linux-x86_64-debian-clang 1.1 2.82 35.54 38.36 NOTE
r-devel-linux-x86_64-debian-gcc 1.1 2.04 26.70 28.74 NOTE
r-devel-linux-x86_64-fedora-clang 1.1 57.53 OK
r-devel-linux-x86_64-fedora-gcc 1.1 54.78 OK
r-devel-windows-x86_64 1.1 6.00 53.00 59.00 OK
r-patched-linux-x86_64 1.1 3.05 33.12 36.17 OK
r-release-linux-x86_64 1.1 2.32 33.46 35.78 OK
r-release-macos-arm64 1.1 OK
r-release-macos-x86_64 1.1 4.00 49.00 53.00 OK
r-release-windows-x86_64 1.1 4.00 65.00 69.00 OK
r-oldrel-macos-arm64 1.1 OK
r-oldrel-macos-x86_64 1.1 3.00 32.00 35.00 OK
r-oldrel-windows-x86_64 1.1 6.00 63.00 69.00 OK

Check Details

Version: 1.1
Check: CRAN incoming feasibility
Result: NOTE Maintainer: ‘Alessandro Barbiero <alessandro.barbiero@unimi.it>’ No Authors@R field in DESCRIPTION. Please add one, modifying Authors@R: person(given = "Alessandro", family = "Barbiero", role = c("aut", "cre"), email = "alessandro.barbiero@unimi.it") as necessary. Flavors: r-devel-linux-x86_64-debian-clang, r-devel-linux-x86_64-debian-gcc

mirror server hosted at Truenetwork, Russian Federation.