Last updated on 2025-02-22 05:51:33 CET.
Flavor | Version | Tinstall | Tcheck | Ttotal | Status | Flags |
---|---|---|---|---|---|---|
r-devel-linux-x86_64-debian-clang | 1.2.6 | 7.04 | 51.98 | 59.02 | OK | |
r-devel-linux-x86_64-debian-gcc | 1.2.6 | 5.19 | 38.02 | 43.21 | OK | |
r-devel-linux-x86_64-fedora-clang | 1.2.6 | 94.87 | OK | |||
r-devel-linux-x86_64-fedora-gcc | 1.2.6 | 88.37 | OK | |||
r-devel-macos-arm64 | 1.2.6 | 28.00 | OK | |||
r-devel-macos-x86_64 | 1.2.6 | 52.00 | OK | |||
r-devel-windows-x86_64 | 1.2.6 | 8.00 | 68.00 | 76.00 | OK | |
r-patched-linux-x86_64 | 1.2.6 | 6.93 | 49.37 | 56.30 | NOTE | |
r-release-linux-x86_64 | 1.2.6 | 7.22 | 49.18 | 56.40 | NOTE | |
r-release-macos-arm64 | 1.2.6 | 31.00 | NOTE | |||
r-release-macos-x86_64 | 1.2.6 | 44.00 | NOTE | |||
r-release-windows-x86_64 | 1.2.6 | 8.00 | 68.00 | 76.00 | NOTE | |
r-oldrel-macos-arm64 | 1.2.6 | 29.00 | NOTE | |||
r-oldrel-macos-x86_64 | 1.2.6 | 43.00 | NOTE | |||
r-oldrel-windows-x86_64 | 1.2.6 | 11.00 | 102.00 | 113.00 | NOTE |
Version: 1.2.6
Check: LazyData
Result: NOTE
'LazyData' is specified without a 'data' directory
Flavors: r-patched-linux-x86_64, r-release-linux-x86_64, r-release-macos-arm64, r-release-macos-x86_64, r-release-windows-x86_64, r-oldrel-macos-arm64, r-oldrel-macos-x86_64, r-oldrel-windows-x86_64