CRAN Package Check Results for Package DistributionTest

Last updated on 2025-11-03 17:49:47 CET.

Flavor Version Tinstall Tcheck Ttotal Status Flags
r-devel-linux-x86_64-debian-clang 1.1 2.69 29.82 32.51 NOTE
r-devel-linux-x86_64-debian-gcc 1.1 2.00 22.17 24.17 NOTE
r-devel-linux-x86_64-fedora-clang 1.1 49.61 OK
r-devel-linux-x86_64-fedora-gcc 1.1 46.75 OK
r-devel-windows-x86_64 1.1 3.00 45.00 48.00 OK
r-patched-linux-x86_64 1.1 2.53 28.15 30.68 OK
r-release-linux-x86_64 1.1 2.45 28.74 31.19 OK
r-release-macos-arm64 1.1 1.00 16.00 17.00 OK
r-release-macos-x86_64 1.1 2.00 29.00 31.00 OK
r-release-windows-x86_64 1.1 4.00 45.00 49.00 OK
r-oldrel-macos-arm64 1.1 1.00 16.00 17.00 NOTE
r-oldrel-macos-x86_64 1.1 2.00 23.00 25.00 NOTE
r-oldrel-windows-x86_64 1.1 6.00 48.00 54.00 NOTE

Check Details

Version: 1.1
Check: CRAN incoming feasibility
Result: NOTE Maintainer: ‘Ning Cui <2433971953@qq.com>’ No Authors@R field in DESCRIPTION. Please add one, modifying Authors@R: c(person(given = "Ning", family = "Cui", role = c("aut", "cre"), email = "2433971953@qq.com"), person(given = "Maoyuan", family = "Zhou", role = "ctb")) as necessary. Flavors: r-devel-linux-x86_64-debian-clang, r-devel-linux-x86_64-debian-gcc

Version: 1.1
Check: LazyData
Result: NOTE 'LazyData' is specified without a 'data' directory Flavors: r-oldrel-macos-arm64, r-oldrel-macos-x86_64, r-oldrel-windows-x86_64

mirror server hosted at Truenetwork, Russian Federation.