CRAN Package Check Results for Package DoE.wrapper

Last updated on 2025-02-22 17:49:42 CET.

Flavor Version Tinstall Tcheck Ttotal Status Flags
r-devel-linux-x86_64-debian-clang 0.12 6.71 89.09 95.80 NOTE
r-devel-linux-x86_64-debian-gcc 0.12 4.75 65.24 69.99 NOTE
r-devel-linux-x86_64-fedora-clang 0.12 144.28 NOTE
r-devel-linux-x86_64-fedora-gcc 0.12 153.32 NOTE
r-devel-macos-arm64 0.12 49.00 NOTE
r-devel-macos-x86_64 0.12 99.00 NOTE
r-devel-windows-x86_64 0.12 10.00 104.00 114.00 NOTE
r-patched-linux-x86_64 0.12 11.06 83.55 94.61 NOTE
r-release-linux-x86_64 0.12 5.85 83.10 88.95 NOTE
r-release-macos-arm64 0.12 46.00 NOTE
r-release-macos-x86_64 0.12 70.00 NOTE
r-release-windows-x86_64 0.12 10.00 103.00 113.00 NOTE
r-oldrel-macos-arm64 0.12 53.00 OK
r-oldrel-macos-x86_64 0.12 128.00 OK
r-oldrel-windows-x86_64 0.12 14.00 138.00 152.00 OK

Check Details

Version: 0.12
Check: Rd files
Result: NOTE checkRd: (-1) rsmformula.Rd:96: Lost braces 96 | URL{http://www.jstatsoft.org/v32/i07/}. | ^ Flavors: r-devel-linux-x86_64-debian-clang, r-devel-linux-x86_64-debian-gcc, r-devel-linux-x86_64-fedora-clang, r-devel-linux-x86_64-fedora-gcc, r-devel-macos-arm64, r-devel-macos-x86_64, r-devel-windows-x86_64, r-patched-linux-x86_64, r-release-linux-x86_64, r-release-macos-arm64, r-release-macos-x86_64, r-release-windows-x86_64

Version: 0.12
Check: Rd cross-references
Result: NOTE Found the following Rd file(s) with Rd \link{} targets missing package anchors: rsmformula.Rd: rsm Please provide package anchors for all Rd \link{} targets not in the package itself and the base packages. Flavors: r-devel-linux-x86_64-debian-clang, r-devel-linux-x86_64-debian-gcc, r-devel-windows-x86_64

mirror server hosted at Truenetwork, Russian Federation.