Last updated on 2025-02-22 05:51:34 CET.
Flavor | Version | Tinstall | Tcheck | Ttotal | Status | Flags |
---|---|---|---|---|---|---|
r-devel-linux-x86_64-debian-clang | 0.1.1 | 14.19 | 102.91 | 117.10 | OK | |
r-devel-linux-x86_64-debian-gcc | 0.1.1 | 8.82 | 66.19 | 75.01 | ERROR | |
r-devel-linux-x86_64-fedora-clang | 0.1.1 | 177.51 | NOTE | |||
r-devel-linux-x86_64-fedora-gcc | 0.1.1 | 178.85 | NOTE | |||
r-devel-macos-arm64 | 0.1.1 | 73.00 | OK | |||
r-devel-macos-x86_64 | 0.1.1 | 6.00 | ERROR | |||
r-devel-windows-x86_64 | 0.1.1 | 17.00 | 108.00 | 125.00 | OK | |
r-patched-linux-x86_64 | 0.1.1 | 13.28 | 95.39 | 108.67 | OK | |
r-release-linux-x86_64 | 0.1.1 | 13.55 | 94.86 | 108.41 | OK | |
r-release-macos-arm64 | 0.1.1 | 64.00 | OK | |||
r-release-macos-x86_64 | 0.1.1 | 95.00 | OK | |||
r-release-windows-x86_64 | 0.1.1 | 17.00 | 105.00 | 122.00 | OK | |
r-oldrel-macos-arm64 | 0.1.1 | 58.00 | OK | |||
r-oldrel-macos-x86_64 | 0.1.1 | 127.00 | OK | |||
r-oldrel-windows-x86_64 | 0.1.1 | 20.00 | 127.00 | 147.00 | OK |
Version: 0.1.1
Check: re-building of vignette outputs
Result: ERROR
Error(s) in re-building vignettes:
...
--- re-building ‘DrugSim2DR.Rmd’ using rmarkdown
Quitting from lines 108-115 [unnamed-chunk-7] (DrugSim2DR.Rmd)
Error: processing vignette 'DrugSim2DR.Rmd' failed with diagnostics:
Please ensure smooth network connection
--- failed re-building ‘DrugSim2DR.Rmd’
SUMMARY: processing the following file failed:
‘DrugSim2DR.Rmd’
Error: Vignette re-building failed.
Execution halted
Flavor: r-devel-linux-x86_64-debian-gcc
Version: 0.1.1
Check: dependencies in R code
Result: NOTE
Namespace in Imports field not imported from: ‘base’
All declared Imports should be used.
Flavors: r-devel-linux-x86_64-fedora-clang, r-devel-linux-x86_64-fedora-gcc
Version: 0.1.1
Check: package dependencies
Result: ERROR
Package required but not available: ‘ChemmineR’
See section ‘The DESCRIPTION file’ in the ‘Writing R Extensions’
manual.
Flavor: r-devel-macos-x86_64