Last updated on 2025-07-15 12:49:19 CEST.
Flavor | Version | Tinstall | Tcheck | Ttotal | Status | Flags |
---|---|---|---|---|---|---|
r-devel-linux-x86_64-debian-clang | 3.0.11 | 0.39 | 4.06 | 4.45 | ERROR | |
r-devel-linux-x86_64-debian-gcc | 3.0.11 | 0.33 | 2.82 | 3.15 | ERROR | |
r-devel-linux-x86_64-fedora-clang | 3.0.11 | 290.59 | OK | |||
r-devel-linux-x86_64-fedora-gcc | 3.0.11 | 180.80 | OK | |||
r-devel-windows-x86_64 | 3.0.11 | 14.00 | 209.00 | 223.00 | OK | |
r-patched-linux-x86_64 | 3.0.11 | 12.74 | 181.86 | 194.60 | OK | |
r-release-linux-x86_64 | 3.0.11 | 10.77 | 179.07 | 189.84 | OK | |
r-release-macos-arm64 | 3.0.11 | 75.00 | OK | |||
r-release-macos-x86_64 | 3.0.11 | 270.00 | OK | |||
r-release-windows-x86_64 | 3.0.11 | 14.00 | 210.00 | 224.00 | OK | |
r-oldrel-macos-arm64 | 3.0.11 | 94.00 | OK | |||
r-oldrel-macos-x86_64 | 3.0.11 | 207.00 | OK | |||
r-oldrel-windows-x86_64 | 3.0.11 | 19.00 | 274.00 | 293.00 | OK |
Version: 3.0.11
Check: package dependencies
Result: ERROR
Package required but not available: ‘dataRetrieval’
Package suggested but not available for checking: ‘EGRETci’
See section ‘The DESCRIPTION file’ in the ‘Writing R Extensions’
manual.
Flavors: r-devel-linux-x86_64-debian-clang, r-devel-linux-x86_64-debian-gcc