Last updated on 2025-11-24 11:50:05 CET.
| Flavor | Version | Tinstall | Tcheck | Ttotal | Status | Flags |
|---|---|---|---|---|---|---|
| r-devel-linux-x86_64-debian-clang | 1.0 | 4.02 | 41.42 | 45.44 | NOTE | |
| r-devel-linux-x86_64-debian-gcc | 1.0 | 3.05 | 29.98 | 33.03 | NOTE | |
| r-devel-linux-x86_64-fedora-clang | 1.0 | 71.14 | OK | |||
| r-devel-windows-x86_64 | 1.0 | 7.00 | 58.00 | 65.00 | OK | |
| r-patched-linux-x86_64 | 1.0 | 3.97 | 39.44 | 43.41 | OK | |
| r-release-linux-x86_64 | 1.0 | 4.17 | 39.29 | 43.46 | OK | |
| r-release-macos-arm64 | 1.0 | OK | ||||
| r-release-macos-x86_64 | 1.0 | 4.00 | 36.00 | 40.00 | OK | |
| r-release-windows-x86_64 | 1.0 | 5.00 | 76.00 | 81.00 | OK | |
| r-oldrel-macos-arm64 | 1.0 | OK | ||||
| r-oldrel-macos-x86_64 | 1.0 | 3.00 | 30.00 | 33.00 | OK | |
| r-oldrel-windows-x86_64 | 1.0 | 6.00 | 69.00 | 75.00 | OK |
Version: 1.0
Check: CRAN incoming feasibility
Result: NOTE
Maintainer: ‘Abbas Parchami <parchami@uk.ac.ir>’
No Authors@R field in DESCRIPTION.
Please add one, modifying
Authors@R: person(given = "Abbas",
family = "Parchami",
role = c("aut", "cre"),
email = "parchami@uk.ac.ir",
comment = "Department of Statistics, Faculty of Mathematics and Computer, Shahid Bahonar University of Kerman, Kerman, Iran")
as necessary.
Flavors: r-devel-linux-x86_64-debian-clang, r-devel-linux-x86_64-debian-gcc