Last updated on 2025-11-03 23:50:16 CET.
| Flavor | Version | Tinstall | Tcheck | Ttotal | Status | Flags | 
|---|---|---|---|---|---|---|
| r-devel-linux-x86_64-debian-clang | 3.2.1 | 93.32 | 335.69 | 429.01 | OK | |
| r-devel-linux-x86_64-debian-gcc | 3.2.1 | 64.69 | 207.04 | 271.73 | OK | |
| r-devel-linux-x86_64-fedora-clang | 3.2.1 | 202.00 | 516.51 | 718.51 | OK | |
| r-devel-linux-x86_64-fedora-gcc | 3.2.1 | 166.00 | 548.98 | 714.98 | OK | |
| r-devel-windows-x86_64 | 3.2.1 | 114.00 | 339.00 | 453.00 | OK | |
| r-patched-linux-x86_64 | 3.2.1 | 99.97 | 319.41 | 419.38 | OK | |
| r-release-linux-x86_64 | 3.2.1 | 96.73 | 317.05 | 413.78 | OK | |
| r-release-macos-arm64 | 3.2.1 | 36.00 | 113.00 | 149.00 | OK | |
| r-release-macos-x86_64 | 3.2.1 | 48.00 | 313.00 | 361.00 | OK | |
| r-release-windows-x86_64 | 3.2.1 | 110.00 | 332.00 | 442.00 | OK | |
| r-oldrel-macos-arm64 | 3.2.1 | 37.00 | 117.00 | 154.00 | NOTE | |
| r-oldrel-macos-x86_64 | 3.2.1 | 50.00 | 272.00 | 322.00 | NOTE | |
| r-oldrel-windows-x86_64 | 3.2.1 | 131.00 | 456.00 | 587.00 | NOTE | 
Version: 3.2.1
Check: installed package size
Result: NOTE
    installed size is 11.6Mb
    sub-directories of 1Mb or more:
      doc    3.1Mb
      libs   6.9Mb
Flavors: r-oldrel-macos-arm64, r-oldrel-macos-x86_64, r-oldrel-windows-x86_64