CRAN Package Check Results for Package EQL

Last updated on 2025-07-13 00:48:25 CEST.

Flavor Version Tinstall Tcheck Ttotal Status Flags
r-devel-linux-x86_64-debian-clang 1.0-1 2.69 25.57 28.26 NOTE
r-devel-linux-x86_64-debian-gcc 1.0-1 2.23 20.35 22.58 NOTE
r-devel-linux-x86_64-fedora-clang 1.0-1 44.52 OK
r-devel-linux-x86_64-fedora-gcc 1.0-1 42.11 OK
r-devel-windows-x86_64 1.0-1 4.00 53.00 57.00 OK
r-patched-linux-x86_64 1.0-1 3.19 24.24 27.43 OK
r-release-linux-x86_64 1.0-1 2.56 24.10 26.66 OK
r-release-macos-arm64 1.0-1 21.00 OK
r-release-macos-x86_64 1.0-1 41.00 OK
r-release-windows-x86_64 1.0-1 5.00 55.00 60.00 OK
r-oldrel-macos-arm64 1.0-1 17.00 OK
r-oldrel-macos-x86_64 1.0-1 36.00 OK
r-oldrel-windows-x86_64 1.0-1 6.00 55.00 61.00 OK

Check Details

Version: 1.0-1
Check: CRAN incoming feasibility
Result: NOTE Maintainer: ‘Thorn Thaler <thorn.thaler@thothal.com>’ No Authors@R field in DESCRIPTION. Please add one, modifying Authors@R: person(given = "Thorn", family = "Thaler", role = c("aut", "cre"), email = "thorn.thaler@thothal.com") as necessary. Package CITATION file contains call(s) to old-style citEntry(). Please use bibentry() instead. Flavors: r-devel-linux-x86_64-debian-clang, r-devel-linux-x86_64-debian-gcc

mirror server hosted at Truenetwork, Russian Federation.