CRAN Package Check Results for Package ER

Last updated on 2025-07-12 18:49:39 CEST.

Flavor Version Tinstall Tcheck Ttotal Status Flags
r-devel-linux-x86_64-debian-clang 1.1.1 11.77 98.04 109.81 NOTE
r-devel-linux-x86_64-debian-gcc 1.1.1 8.26 71.61 79.87 NOTE
r-devel-linux-x86_64-fedora-clang 1.1.1 169.57 OK
r-devel-linux-x86_64-fedora-gcc 1.1.1 159.76 OK
r-devel-windows-x86_64 1.1.1 13.00 98.00 111.00 NOTE
r-patched-linux-x86_64 1.1.1 12.21 91.31 103.52 NOTE
r-release-linux-x86_64 1.1.1 10.25 90.94 101.19 NOTE
r-release-macos-arm64 1.1.1 51.00 OK
r-release-macos-x86_64 1.1.1 91.00 OK
r-release-windows-x86_64 1.1.1 13.00 98.00 111.00 NOTE
r-oldrel-macos-arm64 1.1.1 48.00 OK
r-oldrel-macos-x86_64 1.1.1 71.00 OK
r-oldrel-windows-x86_64 1.1.1 18.00 135.00 153.00 OK

Check Details

Version: 1.1.1
Check: Rd cross-references
Result: NOTE Found the following Rd file(s) with Rd \link{} targets missing package anchors: elastic.Rd: glmnet Please provide package anchors for all Rd \link{} targets not in the package itself and the base packages. Flavors: r-devel-linux-x86_64-debian-clang, r-devel-linux-x86_64-debian-gcc, r-devel-windows-x86_64, r-patched-linux-x86_64, r-release-linux-x86_64, r-release-windows-x86_64

mirror server hosted at Truenetwork, Russian Federation.