Last updated on 2025-11-03 05:50:40 CET.
| Flavor | Version | Tinstall | Tcheck | Ttotal | Status | Flags |
|---|---|---|---|---|---|---|
| r-devel-linux-x86_64-debian-clang | 0.0.2 | 9.72 | 102.99 | 112.71 | NOTE | |
| r-devel-linux-x86_64-debian-gcc | 0.0.2 | 7.58 | 66.32 | 73.90 | NOTE | |
| r-devel-linux-x86_64-fedora-clang | 0.0.2 | 24.00 | 150.84 | 174.84 | OK | |
| r-devel-linux-x86_64-fedora-gcc | 0.0.2 | 22.00 | 142.44 | 164.44 | OK | |
| r-devel-windows-x86_64 | 0.0.2 | 13.00 | 100.00 | 113.00 | OK | |
| r-patched-linux-x86_64 | 0.0.2 | 10.73 | 93.71 | 104.44 | OK | |
| r-release-linux-x86_64 | 0.0.2 | 10.26 | 93.30 | 103.56 | OK | |
| r-release-macos-arm64 | 0.0.2 | 4.00 | 42.00 | 46.00 | OK | |
| r-release-macos-x86_64 | 0.0.2 | 11.00 | 73.00 | 84.00 | OK | |
| r-release-windows-x86_64 | 0.0.2 | 13.00 | 98.00 | 111.00 | OK | |
| r-oldrel-macos-arm64 | 0.0.2 | 4.00 | 35.00 | 39.00 | OK | |
| r-oldrel-macos-x86_64 | 0.0.2 | 7.00 | 69.00 | 76.00 | OK | |
| r-oldrel-windows-x86_64 | 0.0.2 | 17.00 | 133.00 | 150.00 | OK |
Version: 0.0.2
Check: CRAN incoming feasibility
Result: NOTE
Maintainer: ‘Lauren Eyler Dang <lauren.eyler@berkeley.edu>’
The Description field contains
<arXiv:2210.05802>.
Please refer to arXiv e-prints via their arXiv DOI <doi:10.48550/arXiv.YYMM.NNNNN>.
Flavors: r-devel-linux-x86_64-debian-clang, r-devel-linux-x86_64-debian-gcc