Last updated on 2024-06-29 12:48:15 CEST.
Flavor | Version | Tinstall | Tcheck | Ttotal | Status | Flags |
---|---|---|---|---|---|---|
r-devel-linux-x86_64-debian-clang | 2.2.2 | 102.95 | 43.21 | 146.16 | NOTE | |
r-devel-linux-x86_64-debian-gcc | 2.2.2 | 63.06 | 31.63 | 94.69 | NOTE | |
r-devel-linux-x86_64-fedora-clang | 2.2.2 | 216.47 | NOTE | |||
r-devel-linux-x86_64-fedora-gcc | 2.2.2 | 200.66 | NOTE | |||
r-devel-windows-x86_64 | 2.2.2 | 75.00 | 69.00 | 144.00 | NOTE | |
r-patched-linux-x86_64 | 2.2.2 | 79.98 | 40.86 | 120.84 | NOTE | |
r-release-linux-x86_64 | 2.2.2 | 80.11 | 41.66 | 121.77 | NOTE | |
r-release-macos-arm64 | 2.2.2 | 36.00 | NOTE | |||
r-release-macos-x86_64 | 2.2.2 | 58.00 | NOTE | |||
r-release-windows-x86_64 | 2.2.2 | 74.00 | 71.00 | 145.00 | NOTE | |
r-oldrel-macos-arm64 | 2.2.2 | 44.00 | NOTE | |||
r-oldrel-macos-x86_64 | 2.2.2 | 79.00 | NOTE | |||
r-oldrel-windows-x86_64 | 2.2.2 | 70.00 | 80.00 | 150.00 | NOTE |
Version: 2.2.2
Check: LazyData
Result: NOTE
'LazyData' is specified without a 'data' directory
Flavors: r-devel-linux-x86_64-debian-clang, r-devel-linux-x86_64-debian-gcc, r-devel-linux-x86_64-fedora-clang, r-devel-linux-x86_64-fedora-gcc, r-devel-windows-x86_64, r-patched-linux-x86_64, r-release-linux-x86_64, r-release-macos-arm64, r-release-macos-x86_64, r-release-windows-x86_64, r-oldrel-macos-arm64, r-oldrel-macos-x86_64, r-oldrel-windows-x86_64