CRAN Package Check Results for Package EcotoneFinder

Last updated on 2025-11-03 11:49:40 CET.

Flavor Version Tinstall Tcheck Ttotal Status Flags
r-devel-linux-x86_64-debian-clang 0.2.3 4.64 89.89 94.53 NOTE
r-devel-linux-x86_64-debian-gcc 0.2.3 3.52 59.44 62.96 NOTE
r-devel-linux-x86_64-fedora-clang 0.2.3 12.00 135.24 147.24 NOTE
r-devel-linux-x86_64-fedora-gcc 0.2.3 10.00 141.82 151.82 NOTE
r-devel-windows-x86_64 0.2.3 6.00 106.00 112.00 OK
r-patched-linux-x86_64 0.2.3 4.64 84.86 89.50 OK
r-release-linux-x86_64 0.2.3 3.78 85.47 89.25 OK
r-release-macos-arm64 0.2.3 2.00 35.00 37.00 OK
r-release-macos-x86_64 0.2.3 4.00 76.00 80.00 OK
r-release-windows-x86_64 0.2.3 7.00 105.00 112.00 OK
r-oldrel-macos-arm64 0.2.3 2.00 38.00 40.00 NOTE
r-oldrel-macos-x86_64 0.2.3 3.00 57.00 60.00 NOTE
r-oldrel-windows-x86_64 0.2.3 9.00 145.00 154.00 NOTE

Check Details

Version: 0.2.3
Check: CRAN incoming feasibility
Result: NOTE Maintainer: ‘Antoine Bagnaro <antoine.bagnaro@wanadoo.fr>’ No Authors@R field in DESCRIPTION. Please add one, modifying Authors@R: person(given = "Antoine", family = "Bagnaro", role = c("aut", "cre"), email = "antoine.bagnaro@wanadoo.fr") as necessary. Flavors: r-devel-linux-x86_64-debian-clang, r-devel-linux-x86_64-debian-gcc

Version: 0.2.3
Check: dependencies in R code
Result: NOTE Namespaces in Imports field not imported from: ‘Rmisc’ ‘rlang’ All declared Imports should be used. Flavors: r-devel-linux-x86_64-fedora-clang, r-devel-linux-x86_64-fedora-gcc

Version: 0.2.3
Check: LazyData
Result: NOTE 'LazyData' is specified without a 'data' directory Flavors: r-oldrel-macos-arm64, r-oldrel-macos-x86_64, r-oldrel-windows-x86_64

mirror server hosted at Truenetwork, Russian Federation.