Last updated on 2025-05-17 06:51:06 CEST.
Flavor | Version | Tinstall | Tcheck | Ttotal | Status | Flags |
---|---|---|---|---|---|---|
r-devel-linux-x86_64-debian-clang | 2.4-2 | 6.69 | 77.68 | 84.37 | OK | |
r-devel-linux-x86_64-debian-gcc | 2.4-2 | 4.38 | 55.56 | 59.94 | OK | |
r-devel-linux-x86_64-fedora-clang | 2.4-2 | 130.13 | NOTE | |||
r-devel-linux-x86_64-fedora-gcc | 2.4-2 | 139.47 | NOTE | |||
r-devel-windows-x86_64 | 2.4-2 | 8.00 | 144.00 | 152.00 | OK | |
r-patched-linux-x86_64 | 2.4-2 | 5.34 | 72.87 | 78.21 | OK | |
r-release-linux-x86_64 | 2.4-2 | 5.41 | 73.22 | 78.63 | OK | |
r-release-macos-arm64 | 2.4-2 | 54.00 | OK | |||
r-release-macos-x86_64 | 2.4-2 | 79.00 | OK | |||
r-release-windows-x86_64 | 2.4-2 | 7.00 | 141.00 | 148.00 | OK | |
r-oldrel-macos-arm64 | 2.4-2 | 40.00 | OK | |||
r-oldrel-macos-x86_64 | 2.4-2 | 69.00 | OK | |||
r-oldrel-windows-x86_64 | 2.4-2 | 9.00 | 153.00 | 162.00 | OK |
Version: 2.4-2
Check: dependencies in R code
Result: NOTE
Namespace in Imports field not imported from: ‘tibble’
All declared Imports should be used.
Flavors: r-devel-linux-x86_64-fedora-clang, r-devel-linux-x86_64-fedora-gcc