Last updated on 2025-02-22 11:51:26 CET.
Flavor | Version | Tinstall | Tcheck | Ttotal | Status | Flags |
---|---|---|---|---|---|---|
r-devel-linux-x86_64-debian-clang | 3.3 | 5.41 | 33.67 | 39.08 | OK | |
r-devel-linux-x86_64-debian-gcc | 3.3 | 3.26 | 23.96 | 27.22 | OK | |
r-devel-linux-x86_64-fedora-clang | 3.3 | 64.82 | OK | |||
r-devel-linux-x86_64-fedora-gcc | 3.3 | 60.83 | OK | |||
r-devel-macos-arm64 | 3.3 | 25.00 | OK | |||
r-devel-macos-x86_64 | 3.3 | 36.00 | OK | |||
r-devel-windows-x86_64 | 3.3 | 6.00 | 50.00 | 56.00 | OK | |
r-patched-linux-x86_64 | 3.3 | 3.77 | 31.90 | 35.67 | NOTE | |
r-release-linux-x86_64 | 3.3 | 3.39 | 31.47 | 34.86 | NOTE | |
r-release-macos-arm64 | 3.3 | 26.00 | NOTE | |||
r-release-macos-x86_64 | 3.3 | 76.00 | NOTE | |||
r-release-windows-x86_64 | 3.3 | 12.00 | 54.00 | 66.00 | NOTE | |
r-oldrel-macos-arm64 | 3.3 | 26.00 | NOTE | |||
r-oldrel-macos-x86_64 | 3.3 | 54.00 | NOTE | |||
r-oldrel-windows-x86_64 | 3.3 | 7.00 | 49.00 | 56.00 | NOTE |
Version: 3.3
Check: package dependencies
Result: NOTE
Package suggested but not available for checking: ‘ExactData’
Flavors: r-patched-linux-x86_64, r-release-linux-x86_64, r-release-macos-arm64, r-release-macos-x86_64, r-release-windows-x86_64, r-oldrel-macos-arm64, r-oldrel-macos-x86_64, r-oldrel-windows-x86_64