Last updated on 2025-11-04 11:52:30 CET.
| Flavor | Version | Tinstall | Tcheck | Ttotal | Status | Flags | 
|---|---|---|---|---|---|---|
| r-devel-linux-x86_64-debian-clang | 0.1.1 | 8.66 | 74.99 | 83.65 | NOTE | |
| r-devel-linux-x86_64-debian-gcc | 0.1.1 | 5.92 | 55.87 | 61.79 | NOTE | |
| r-devel-linux-x86_64-fedora-clang | 0.1.1 | 13.00 | 114.58 | 127.58 | OK | |
| r-devel-linux-x86_64-fedora-gcc | 0.1.1 | 16.00 | 107.73 | 123.73 | OK | |
| r-devel-windows-x86_64 | 0.1.1 | 10.00 | 79.00 | 89.00 | NOTE | |
| r-patched-linux-x86_64 | 0.1.1 | 8.78 | 70.34 | 79.12 | NOTE | |
| r-release-linux-x86_64 | 0.1.1 | 7.65 | 70.86 | 78.51 | NOTE | |
| r-release-macos-arm64 | 0.1.1 | 3.00 | 31.00 | 34.00 | OK | |
| r-release-macos-x86_64 | 0.1.1 | 7.00 | 52.00 | 59.00 | OK | |
| r-release-windows-x86_64 | 0.1.1 | 10.00 | 79.00 | 89.00 | NOTE | |
| r-oldrel-macos-arm64 | 0.1.1 | 3.00 | 28.00 | 31.00 | OK | |
| r-oldrel-macos-x86_64 | 0.1.1 | 5.00 | 45.00 | 50.00 | OK | |
| r-oldrel-windows-x86_64 | 0.1.1 | 14.00 | 103.00 | 117.00 | OK | 
Version: 0.1.1
Check: Rd cross-references
Result: NOTE
  Found the following Rd file(s) with Rd \link{} targets missing package
  anchors:
    SMART.Rd: data.table
  Please provide package anchors for all Rd \link{} targets not in the
  package itself and the base packages.
Flavors: r-devel-linux-x86_64-debian-clang, r-devel-linux-x86_64-debian-gcc, r-devel-windows-x86_64, r-patched-linux-x86_64, r-release-linux-x86_64, r-release-windows-x86_64