CRAN Package Check Results for Package FACTMLE

Last updated on 2025-07-13 00:48:25 CEST.

Flavor Version Tinstall Tcheck Ttotal Status Flags
r-devel-linux-x86_64-debian-clang 1.1 6.30 52.44 58.74 NOTE
r-devel-linux-x86_64-debian-gcc 1.1 4.32 40.08 44.40 NOTE
r-devel-linux-x86_64-fedora-clang 1.1 88.10 OK
r-devel-linux-x86_64-fedora-gcc 1.1 86.05 OK
r-devel-windows-x86_64 1.1 6.00 62.00 68.00 OK
r-patched-linux-x86_64 1.1 6.23 49.35 55.58 OK
r-release-linux-x86_64 1.1 6.21 49.53 55.74 OK
r-release-macos-arm64 1.1 34.00 OK
r-release-macos-x86_64 1.1 77.00 OK
r-release-windows-x86_64 1.1 7.00 65.00 72.00 OK
r-oldrel-macos-arm64 1.1 29.00 OK
r-oldrel-macos-x86_64 1.1 44.00 OK
r-oldrel-windows-x86_64 1.1 9.00 73.00 82.00 OK

Check Details

Version: 1.1
Check: CRAN incoming feasibility
Result: NOTE Maintainer: ‘Koulik Khamaru <koulik123@gmail.com>’ No Authors@R field in DESCRIPTION. Please add one, modifying Authors@R: c(person(given = "Koulik", family = "Khamaru", role = c("aut", "cre"), email = "koulik123@gmail.com"), person(given = "Rahul", family = "Mazumder", role = "aut", email = "rahul.mazumder@gmail.com")) as necessary. Flavors: r-devel-linux-x86_64-debian-clang, r-devel-linux-x86_64-debian-gcc

mirror server hosted at Truenetwork, Russian Federation.