Last updated on 2025-02-22 17:49:43 CET.
Flavor | Version | Tinstall | Tcheck | Ttotal | Status | Flags |
---|---|---|---|---|---|---|
r-devel-linux-x86_64-debian-clang | 1.1.1 | 14.33 | 122.79 | 137.12 | NOTE | |
r-devel-linux-x86_64-debian-gcc | 1.1.1 | 10.40 | 88.58 | 98.98 | NOTE | |
r-devel-linux-x86_64-fedora-clang | 1.1.1 | 215.43 | NOTE | |||
r-devel-linux-x86_64-fedora-gcc | 1.1.1 | 209.87 | NOTE | |||
r-devel-macos-arm64 | 1.1.1 | 59.00 | NOTE | |||
r-devel-macos-x86_64 | 1.1.1 | 123.00 | NOTE | |||
r-devel-windows-x86_64 | 1.1.1 | 14.00 | 117.00 | 131.00 | NOTE | |
r-patched-linux-x86_64 | 1.1.1 | 13.40 | 115.26 | 128.66 | NOTE | |
r-release-linux-x86_64 | 1.1.1 | 13.31 | 115.89 | 129.20 | NOTE | |
r-release-macos-arm64 | 1.1.1 | 57.00 | NOTE | |||
r-release-macos-x86_64 | 1.1.1 | 104.00 | NOTE | |||
r-release-windows-x86_64 | 1.1.1 | 14.00 | 113.00 | 127.00 | NOTE | |
r-oldrel-macos-arm64 | 1.1.1 | 65.00 | OK | |||
r-oldrel-macos-x86_64 | 1.1.1 | 104.00 | OK | |||
r-oldrel-windows-x86_64 | 1.1.1 | 20.00 | 146.00 | 166.00 | OK |
Version: 1.1.1
Check: Rd files
Result: NOTE
checkRd: (-1) FADPclust.Rd:28: Lost braces in \itemize; \value handles \item{}{} directly
checkRd: (-1) FADPclust.Rd:29: Lost braces in \itemize; \value handles \item{}{} directly
checkRd: (-1) FADPclust.Rd:30: Lost braces in \itemize; \value handles \item{}{} directly
checkRd: (-1) FADPclust.Rd:31: Lost braces in \itemize; \value handles \item{}{} directly
checkRd: (-1) FADPclust.Rd:32: Lost braces in \itemize; \value handles \item{}{} directly
checkRd: (-1) FADPclust.Rd:33: Lost braces in \itemize; \value handles \item{}{} directly
checkRd: (-1) FADPclust.Rd:34: Lost braces in \itemize; \value handles \item{}{} directly
checkRd: (-1) FADPclust.Rd:35: Lost braces in \itemize; \value handles \item{}{} directly
checkRd: (-1) FADPclust.Rd:36: Lost braces in \itemize; \value handles \item{}{} directly
checkRd: (-1) FADPclust.Rd:37: Lost braces in \itemize; \value handles \item{}{} directly
Flavors: r-devel-linux-x86_64-debian-clang, r-devel-linux-x86_64-debian-gcc, r-devel-linux-x86_64-fedora-clang, r-devel-linux-x86_64-fedora-gcc, r-devel-macos-arm64, r-devel-macos-x86_64, r-devel-windows-x86_64, r-patched-linux-x86_64, r-release-linux-x86_64, r-release-macos-arm64, r-release-macos-x86_64, r-release-windows-x86_64