CRAN Package Check Results for Package FAMetA

Last updated on 2025-07-13 06:48:24 CEST.

Flavor Version Tinstall Tcheck Ttotal Status Flags
r-devel-linux-x86_64-debian-clang 0.1.6 10.93 81.84 92.77 NOTE
r-devel-linux-x86_64-debian-gcc 0.1.6 7.77 58.16 65.93 NOTE
r-devel-linux-x86_64-fedora-clang 0.1.6 145.82 OK
r-devel-linux-x86_64-fedora-gcc 0.1.6 149.38 OK
r-devel-windows-x86_64 0.1.6 13.00 96.00 109.00 NOTE
r-patched-linux-x86_64 0.1.6 10.44 75.50 85.94 NOTE
r-release-linux-x86_64 0.1.6 10.79 76.23 87.02 NOTE
r-release-macos-arm64 0.1.6 44.00 OK
r-release-macos-x86_64 0.1.6 84.00 OK
r-release-windows-x86_64 0.1.6 14.00 99.00 113.00 NOTE
r-oldrel-macos-arm64 0.1.6 45.00 OK
r-oldrel-macos-x86_64 0.1.6 68.00 OK
r-oldrel-windows-x86_64 0.1.6 19.00 119.00 138.00 OK

Check Details

Version: 0.1.6
Check: Rd cross-references
Result: NOTE Found the following Rd file(s) with Rd \link{} targets missing package anchors: getFormula.Rd: createLipidDB, assignDB Please provide package anchors for all Rd \link{} targets not in the package itself and the base packages. Flavors: r-devel-linux-x86_64-debian-clang, r-devel-linux-x86_64-debian-gcc, r-devel-windows-x86_64, r-patched-linux-x86_64, r-release-linux-x86_64, r-release-windows-x86_64

mirror server hosted at Truenetwork, Russian Federation.