CRAN Package Check Results for Package FMCCSD

Last updated on 2025-07-12 12:48:28 CEST.

Flavor Version Tinstall Tcheck Ttotal Status Flags
r-devel-linux-x86_64-debian-clang 1.0 23.48 27.01 50.49 NOTE
r-devel-linux-x86_64-debian-gcc 1.0 18.50 21.29 39.79 NOTE
r-devel-linux-x86_64-fedora-clang 1.0 87.65 NOTE
r-devel-linux-x86_64-fedora-gcc 1.0 81.89 NOTE
r-devel-windows-x86_64 1.0 28.00 69.00 97.00 NOTE
r-patched-linux-x86_64 1.0 23.61 25.56 49.17 NOTE
r-release-linux-x86_64 1.0 23.44 25.43 48.87 NOTE
r-release-macos-arm64 1.0 28.00 NOTE
r-release-macos-x86_64 1.0 41.00 NOTE
r-release-windows-x86_64 1.0 29.00 81.00 110.00 NOTE
r-oldrel-macos-arm64 1.0 27.00 NOTE
r-oldrel-macos-x86_64 1.0 47.00 NOTE
r-oldrel-windows-x86_64 1.0 34.00 81.00 115.00 NOTE

Check Details

Version: 1.0
Check: C++ specification
Result: NOTE Specified C++11: please drop specification unless essential Flavors: r-devel-linux-x86_64-debian-clang, r-devel-linux-x86_64-debian-gcc, r-devel-linux-x86_64-fedora-clang, r-devel-linux-x86_64-fedora-gcc, r-devel-windows-x86_64, r-patched-linux-x86_64, r-release-linux-x86_64, r-release-macos-arm64, r-release-macos-x86_64, r-release-windows-x86_64, r-oldrel-macos-arm64, r-oldrel-macos-x86_64, r-oldrel-windows-x86_64

mirror server hosted at Truenetwork, Russian Federation.