CRAN Package Check Results for Package FRACTION

Last updated on 2025-05-25 00:50:01 CEST.

Flavor Version Tinstall Tcheck Ttotal Status Flags
r-devel-linux-x86_64-debian-clang 1.1.1 1.72 16.51 18.23 NOTE
r-devel-linux-x86_64-debian-gcc 1.1.1 1.28 13.76 15.04 NOTE
r-devel-linux-x86_64-fedora-clang 1.1.1 28.81 OK
r-devel-linux-x86_64-fedora-gcc 1.1.1 28.35 OK
r-devel-windows-x86_64 1.1.1 3.00 34.00 37.00 OK
r-patched-linux-x86_64 1.1.1 1.80 15.85 17.65 OK
r-release-linux-x86_64 1.1.1 1.61 16.01 17.62 OK
r-release-macos-arm64 1.1.1 14.00 OK
r-release-macos-x86_64 1.1.1 20.00 OK
r-release-windows-x86_64 1.1.1 4.00 35.00 39.00 OK
r-oldrel-macos-arm64 1.1.1 13.00 OK
r-oldrel-macos-x86_64 1.1.1 25.00 OK
r-oldrel-windows-x86_64 1.1.1 3.00 34.00 37.00 OK

Check Details

Version: 1.1.1
Check: CRAN incoming feasibility
Result: NOTE Maintainer: ‘OuYang Ming <oula2004@163.com>’ No Authors@R field in DESCRIPTION. Please add one, modifying Authors@R: person(given = "OuYang", family = "Ming", role = c("aut", "cre"), email = "oula2004@163.com") as necessary. Flavors: r-devel-linux-x86_64-debian-clang, r-devel-linux-x86_64-debian-gcc

mirror server hosted at Truenetwork, Russian Federation.