Last updated on 2025-11-03 17:49:49 CET.
| Flavor | Version | Tinstall | Tcheck | Ttotal | Status | Flags |
|---|---|---|---|---|---|---|
| r-devel-linux-x86_64-debian-clang | 0.1.1 | 19.81 | 24.45 | 44.26 | NOTE | |
| r-devel-linux-x86_64-debian-gcc | 0.1.1 | 11.81 | 20.71 | 32.52 | NOTE | |
| r-devel-linux-x86_64-fedora-clang | 0.1.1 | 48.00 | 28.49 | 76.49 | NOTE | |
| r-devel-linux-x86_64-fedora-gcc | 0.1.1 | 41.00 | 28.24 | 69.24 | NOTE | |
| r-devel-windows-x86_64 | 0.1.1 | 25.00 | 74.00 | 99.00 | OK | |
| r-patched-linux-x86_64 | 0.1.1 | 18.79 | 23.29 | 42.08 | OK | |
| r-release-linux-x86_64 | 0.1.1 | 19.13 | 23.29 | 42.42 | OK | |
| r-release-macos-arm64 | 0.1.1 | 8.00 | 18.00 | 26.00 | OK | |
| r-release-macos-x86_64 | 0.1.1 | 11.00 | 27.00 | 38.00 | OK | |
| r-release-windows-x86_64 | 0.1.1 | 23.00 | 65.00 | 88.00 | OK | |
| r-oldrel-macos-arm64 | 0.1.1 | 9.00 | 16.00 | 25.00 | NOTE | |
| r-oldrel-macos-x86_64 | 0.1.1 | 11.00 | 26.00 | 37.00 | NOTE | |
| r-oldrel-windows-x86_64 | 0.1.1 | 28.00 | 81.00 | 109.00 | NOTE |
Version: 0.1.1
Check: CRAN incoming feasibility
Result: NOTE
Maintainer: ‘Aaron Molstad <molst029@umn.edu>’
No Authors@R field in DESCRIPTION.
Please add one, modifying
Authors@R: person(given = "Aaron",
family = "Molstad",
role = c("aut", "cre"),
email = "molst029@umn.edu")
as necessary.
Flavors: r-devel-linux-x86_64-debian-clang, r-devel-linux-x86_64-debian-gcc
Version: 0.1.1
Check: compiled code
Result: NOTE
File ‘FastBandChol/libs/FastBandChol.so’:
Found no calls to: ‘R_registerRoutines’, ‘R_useDynamicSymbols’
It is good practice to register native routines and to disable symbol
search.
See ‘Writing portable packages’ in the ‘Writing R Extensions’ manual.
Flavors: r-devel-linux-x86_64-fedora-clang, r-devel-linux-x86_64-fedora-gcc
Version: 0.1.1
Check: LazyData
Result: NOTE
'LazyData' is specified without a 'data' directory
Flavors: r-oldrel-macos-arm64, r-oldrel-macos-x86_64, r-oldrel-windows-x86_64