CRAN Package Check Results for Package FastKNN

Last updated on 2025-07-13 00:48:25 CEST.

Flavor Version Tinstall Tcheck Ttotal Status Flags
r-devel-linux-x86_64-debian-clang 0.0.1 1.60 18.87 20.47 NOTE
r-devel-linux-x86_64-debian-gcc 0.0.1 1.40 16.15 17.55 NOTE
r-devel-linux-x86_64-fedora-clang 0.0.1 33.88 OK
r-devel-linux-x86_64-fedora-gcc 0.0.1 31.72 OK
r-devel-windows-x86_64 0.0.1 2.00 40.00 42.00 OK
r-patched-linux-x86_64 0.0.1 1.75 18.05 19.80 OK
r-release-linux-x86_64 0.0.1 1.59 17.98 19.57 OK
r-release-macos-arm64 0.0.1 16.00 OK
r-release-macos-x86_64 0.0.1 26.00 OK
r-release-windows-x86_64 0.0.1 3.00 42.00 45.00 OK
r-oldrel-macos-arm64 0.0.1 16.00 OK
r-oldrel-macos-x86_64 0.0.1 24.00 OK
r-oldrel-windows-x86_64 0.0.1 3.00 43.00 46.00 OK

Check Details

Version: 0.0.1
Check: CRAN incoming feasibility
Result: NOTE Maintainer: ‘Gaston Besanson <besanson@gmail.com>’ No Authors@R field in DESCRIPTION. Please add one, modifying Authors@R: person(given = "Gaston", family = "Besanson", role = c("aut", "cre"), email = "besanson@gmail.com") as necessary. Flavors: r-devel-linux-x86_64-debian-clang, r-devel-linux-x86_64-debian-gcc

mirror server hosted at Truenetwork, Russian Federation.