CRAN Package Check Results for Package FastRCS

Last updated on 2025-11-03 17:49:49 CET.

Flavor Version Tinstall Tcheck Ttotal Status Flags
r-devel-linux-x86_64-debian-clang 0.0.9 27.37 22.61 49.98 OK
r-devel-linux-x86_64-debian-gcc 0.0.9 22.66 21.59 44.25 OK
r-devel-linux-x86_64-fedora-clang 0.0.9 53.00 22.33 75.33 OK
r-devel-linux-x86_64-fedora-gcc 0.0.9 71.00 16.57 87.57 OK
r-devel-windows-x86_64 0.0.9 29.00 49.00 78.00 OK
r-patched-linux-x86_64 0.0.9 27.09 24.67 51.76 OK
r-release-linux-x86_64 0.0.9 29.30 24.75 54.05 OK
r-release-macos-arm64 0.0.9 11.00 15.00 26.00 OK
r-release-macos-x86_64 0.0.9 28.00 27.00 55.00 OK
r-release-windows-x86_64 0.0.9 27.00 48.00 75.00 OK
r-oldrel-macos-arm64 0.0.9 13.00 16.00 29.00 NOTE
r-oldrel-macos-x86_64 0.0.9 25.00 29.00 54.00 NOTE
r-oldrel-windows-x86_64 0.0.9 33.00 56.00 89.00 OK

Check Details

Version: 0.0.9
Check: installed package size
Result: NOTE installed size is 14.5Mb sub-directories of 1Mb or more: libs 14.4Mb Flavors: r-oldrel-macos-arm64, r-oldrel-macos-x86_64

mirror server hosted at Truenetwork, Russian Federation.