Last updated on 2025-07-10 00:49:38 CEST.
Flavor | Version | Tinstall | Tcheck | Ttotal | Status | Flags |
---|---|---|---|---|---|---|
r-devel-linux-x86_64-debian-clang | 0.0.9 | 28.91 | 21.44 | 50.35 | OK | |
r-devel-linux-x86_64-debian-gcc | 0.0.9 | 22.23 | 20.58 | 42.81 | OK | |
r-devel-linux-x86_64-fedora-clang | 0.0.9 | 79.71 | OK | |||
r-devel-linux-x86_64-fedora-gcc | 0.0.9 | 86.59 | OK | |||
r-devel-windows-x86_64 | 0.0.9 | 27.00 | 50.00 | 77.00 | OK | |
r-patched-linux-x86_64 | 0.0.9 | 28.56 | 23.22 | 51.78 | OK | |
r-release-linux-x86_64 | 0.0.9 | 30.98 | 23.19 | 54.17 | OK | |
r-release-macos-arm64 | 0.0.9 | 26.00 | OK | |||
r-release-macos-x86_64 | 0.0.9 | 55.00 | OK | |||
r-release-windows-x86_64 | 0.0.9 | 28.00 | 53.00 | 81.00 | OK | |
r-oldrel-macos-arm64 | 0.0.9 | 29.00 | NOTE | |||
r-oldrel-macos-x86_64 | 0.0.9 | 54.00 | NOTE | |||
r-oldrel-windows-x86_64 | 0.0.9 | 32.00 | 57.00 | 89.00 | OK |
Version: 0.0.9
Check: installed package size
Result: NOTE
installed size is 14.5Mb
sub-directories of 1Mb or more:
libs 14.4Mb
Flavors: r-oldrel-macos-arm64, r-oldrel-macos-x86_64