CRAN Package Check Results for Package FinancialMath

Last updated on 2025-10-13 06:49:38 CEST.

Flavor Version Tinstall Tcheck Ttotal Status Flags
r-devel-linux-x86_64-debian-clang 0.1.1 8.13 44.05 52.18 OK
r-devel-linux-x86_64-debian-gcc 0.1.1 5.16 29.60 34.76 OK
r-devel-linux-x86_64-fedora-clang 0.1.1 77.76 OK
r-devel-linux-x86_64-fedora-gcc 0.1.1 73.60 OK
r-devel-windows-x86_64 0.1.1 9.00 59.00 68.00 OK
r-patched-linux-x86_64 0.1.1 7.71 42.01 49.72 OK
r-release-linux-x86_64 0.1.1 7.27 41.23 48.50 OK
r-release-macos-arm64 0.1.1 21.00 OK
r-release-macos-x86_64 0.1.1 39.00 OK
r-release-windows-x86_64 0.1.1 8.00 59.00 67.00 OK
r-oldrel-macos-arm64 0.1.1 22.00 NOTE
r-oldrel-macos-x86_64 0.1.1 35.00 NOTE
r-oldrel-windows-x86_64 0.1.1 8.00 57.00 65.00 NOTE

Check Details

Version: 0.1.1
Check: LazyData
Result: NOTE 'LazyData' is specified without a 'data' directory Flavors: r-oldrel-macos-arm64, r-oldrel-macos-x86_64, r-oldrel-windows-x86_64

mirror server hosted at Truenetwork, Russian Federation.