Last updated on 2025-11-24 17:49:58 CET.
| Flavor | Version | Tinstall | Tcheck | Ttotal | Status | Flags |
|---|---|---|---|---|---|---|
| r-devel-linux-x86_64-debian-clang | 1.6 | 8.79 | 87.59 | 96.38 | NOTE | |
| r-devel-linux-x86_64-debian-gcc | 1.6 | 6.55 | 63.45 | 70.00 | NOTE | |
| r-devel-linux-x86_64-fedora-clang | 1.6 | 20.00 | 131.81 | 151.81 | OK | |
| r-devel-linux-x86_64-fedora-gcc | 1.6 | 40.00 | 114.15 | 154.15 | OK | |
| r-devel-windows-x86_64 | 1.6 | 12.00 | 98.00 | 110.00 | OK | |
| r-patched-linux-x86_64 | 1.6 | 8.16 | 81.78 | 89.94 | OK | |
| r-release-linux-x86_64 | 1.6 | 8.29 | 81.64 | 89.93 | OK | |
| r-release-macos-arm64 | 1.6 | OK | ||||
| r-release-macos-x86_64 | 1.6 | 15.00 | 117.00 | 132.00 | OK | |
| r-release-windows-x86_64 | 1.6 | 11.00 | 96.00 | 107.00 | OK | |
| r-oldrel-macos-arm64 | 1.6 | OK | ||||
| r-oldrel-macos-x86_64 | 1.6 | 8.00 | 66.00 | 74.00 | OK | |
| r-oldrel-windows-x86_64 | 1.6 | 14.00 | 121.00 | 135.00 | OK |
Version: 1.6
Check: CRAN incoming feasibility
Result: NOTE
Maintainer: ‘Charles Bouveyron <charles.bouveyron@gmail.com>’
No Authors@R field in DESCRIPTION.
Please add one, modifying
Authors@R: c(person(given = "Charles",
family = "Bouveyron",
role = c("aut", "cre"),
email = "charles.bouveyron@gmail.com"),
person(given = c("Camille", "Brunet", "&", "Nicolas"),
family = "Jouvin.",
role = "aut"))
as necessary.
Package CITATION file contains call(s) to old-style personList() or
as.personList(). Please use c() on person objects instead.
Package CITATION file contains call(s) to old-style citEntry(). Please
use bibentry() instead.
Flavors: r-devel-linux-x86_64-debian-clang, r-devel-linux-x86_64-debian-gcc