CRAN Package Check Results for Package FixedPoint

Last updated on 2025-11-24 11:50:06 CET.

Flavor Version Tinstall Tcheck Ttotal Status Flags
r-devel-linux-x86_64-debian-clang 0.6.3 2.31 213.89 216.20 NOTE
r-devel-linux-x86_64-debian-gcc 0.6.3 1.92 119.34 121.26 NOTE
r-devel-linux-x86_64-fedora-clang 0.6.3 14.00 378.21 392.21 OK
r-devel-windows-x86_64 0.6.3 5.00 163.00 168.00 OK
r-patched-linux-x86_64 0.6.3 2.64 199.71 202.35 OK
r-release-linux-x86_64 0.6.3 2.30 196.02 198.32 OK
r-release-macos-arm64 0.6.3 OK
r-release-macos-x86_64 0.6.3 2.00 148.00 150.00 OK
r-release-windows-x86_64 0.6.3 5.00 161.00 166.00 OK
r-oldrel-macos-arm64 0.6.3 OK
r-oldrel-macos-x86_64 0.6.3 2.00 111.00 113.00 OK
r-oldrel-windows-x86_64 0.6.3 4.00 207.00 211.00 OK

Check Details

Version: 0.6.3
Check: CRAN incoming feasibility
Result: NOTE Maintainer: ‘Stuart Baumann <Stuart@StuartBaumann.com>’ No Authors@R field in DESCRIPTION. Please add one, modifying Authors@R: c(person(given = c("Stuart", "Baumann", "&", "Margaryta"), family = "Klymak", role = "aut"), person(given = "Stuart", family = "Baumann", role = "cre", email = "Stuart@StuartBaumann.com")) as necessary. Flavors: r-devel-linux-x86_64-debian-clang, r-devel-linux-x86_64-debian-gcc

mirror server hosted at Truenetwork, Russian Federation.