CRAN Package Check Results for Package FixedPoint

Last updated on 2025-07-12 12:48:28 CEST.

Flavor Version Tinstall Tcheck Ttotal Status Flags
r-devel-linux-x86_64-debian-clang 0.6.3 2.15 213.39 215.54 NOTE
r-devel-linux-x86_64-debian-gcc 0.6.3 1.71 117.81 119.52 NOTE
r-devel-linux-x86_64-fedora-clang 0.6.3 368.15 OK
r-devel-linux-x86_64-fedora-gcc 0.6.3 366.57 OK
r-devel-windows-x86_64 0.6.3 3.00 177.00 180.00 OK
r-patched-linux-x86_64 0.6.3 2.65 199.08 201.73 OK
r-release-linux-x86_64 0.6.3 2.38 196.70 199.08 OK
r-release-macos-arm64 0.6.3 71.00 OK
r-release-macos-x86_64 0.6.3 150.00 OK
r-release-windows-x86_64 0.6.3 6.00 159.00 165.00 OK
r-oldrel-macos-arm64 0.6.3 68.00 OK
r-oldrel-macos-x86_64 0.6.3 113.00 OK
r-oldrel-windows-x86_64 0.6.3 3.00 206.00 209.00 OK

Check Details

Version: 0.6.3
Check: CRAN incoming feasibility
Result: NOTE Maintainer: ‘Stuart Baumann <Stuart@StuartBaumann.com>’ No Authors@R field in DESCRIPTION. Please add one, modifying Authors@R: c(person(given = c("Stuart", "Baumann", "&", "Margaryta"), family = "Klymak", role = "aut"), person(given = "Stuart", family = "Baumann", role = "cre", email = "Stuart@StuartBaumann.com")) as necessary. Flavors: r-devel-linux-x86_64-debian-clang, r-devel-linux-x86_64-debian-gcc

mirror server hosted at Truenetwork, Russian Federation.