Last updated on 2024-06-26 18:58:40 CEST.
Flavor | Version | Tinstall | Tcheck | Ttotal | Status | Flags |
---|---|---|---|---|---|---|
r-devel-linux-x86_64-debian-clang | 1.3.0 | NOTE | ||||
r-devel-linux-x86_64-debian-gcc | 1.3.0 | 3386.60 | 491.10 | 3877.70 | NOTE | |
r-devel-windows-x86_64 | 1.3.0 | 2651.00 | 492.00 | 3143.00 | NOTE | |
r-patched-linux-x86_64 | 1.3.0 | 2839.68 | 640.29 | 3479.97 | NOTE | |
r-release-linux-x86_64 | 1.3.0 | 0.01 | 2.64 | 2.65 | ERROR | |
r-release-macos-arm64 | 1.3.0 | 1293.00 | NOTE | |||
r-release-macos-x86_64 | 1.3.0 | 868.00 | NOTE | |||
r-release-windows-x86_64 | 1.3.0 | 2614.00 | 504.00 | 3118.00 | NOTE | |
r-oldrel-macos-arm64 | 1.3.0 | 910.00 | NOTE | |||
r-oldrel-macos-x86_64 | 1.3.0 | 984.00 | NOTE | |||
r-oldrel-windows-x86_64 | 1.3.0 | 2942.00 | 631.00 | 3573.00 | NOTE |
Version: 1.3.0
Check: for GNU extensions in Makefiles
Result: NOTE
GNU make is a SystemRequirements.
Flavors: r-devel-linux-x86_64-debian-clang, r-devel-linux-x86_64-debian-gcc, r-devel-windows-x86_64, r-patched-linux-x86_64, r-release-macos-arm64, r-release-macos-x86_64, r-release-windows-x86_64, r-oldrel-macos-arm64, r-oldrel-macos-x86_64, r-oldrel-windows-x86_64
Version: 1.3.0
Check: installed package size
Result: NOTE
installed size is 23.4Mb
sub-directories of 1Mb or more:
libs 22.3Mb
Flavors: r-devel-windows-x86_64, r-release-macos-arm64, r-release-macos-x86_64, r-release-windows-x86_64, r-oldrel-macos-arm64, r-oldrel-macos-x86_64, r-oldrel-windows-x86_64
Version: 1.3.0
Check: whether package can be installed
Result: ERROR
Installation failed.
Flavor: r-release-linux-x86_64