Last updated on 2025-10-13 06:49:38 CEST.
Flavor | Version | Tinstall | Tcheck | Ttotal | Status | Flags |
---|---|---|---|---|---|---|
r-devel-linux-x86_64-debian-clang | 0.5.0 | 12.96 | 84.84 | 97.80 | OK | |
r-devel-linux-x86_64-debian-gcc | 0.5.0 | 8.00 | 60.02 | 68.02 | OK | |
r-devel-linux-x86_64-fedora-clang | 0.5.1 | 165.98 | OK | |||
r-devel-linux-x86_64-fedora-gcc | 0.5.1 | 171.10 | OK | |||
r-devel-windows-x86_64 | 0.5.0 | 15.00 | 86.00 | 101.00 | OK | |
r-patched-linux-x86_64 | 0.5.0 | 10.94 | 80.60 | 91.54 | OK | |
r-release-linux-x86_64 | 0.5.0 | 12.18 | 78.80 | 90.98 | OK | |
r-release-macos-arm64 | 0.5.0 | 44.00 | OK | |||
r-release-macos-x86_64 | 0.5.1 | 109.00 | OK | |||
r-release-windows-x86_64 | 0.5.0 | 16.00 | 88.00 | 104.00 | OK | |
r-oldrel-macos-arm64 | 0.5.0 | 48.00 | NOTE | |||
r-oldrel-macos-x86_64 | 0.5.1 | 134.00 | NOTE | |||
r-oldrel-windows-x86_64 | 0.5.0 | 20.00 | 110.00 | 130.00 | NOTE |
Version: 0.5.0
Check: package dependencies
Result: NOTE
Depends: includes the non-default packages:
'doParallel', 'dplyr', 'fable', 'fabletools', 'fable.prophet',
'feasts', 'fracdiff', 'ggplot2', 'gt', 'magrittr', 'parallel',
'readr', 'tibble', 'tidyr', 'tsibble', 'urca'
Adding so many packages to the search path is excessive and importing
selectively is preferable.
Flavors: r-oldrel-macos-arm64, r-oldrel-windows-x86_64
Version: 0.5.1
Check: package dependencies
Result: NOTE
Depends: includes the non-default packages:
'distributional', 'doParallel', 'dplyr', 'fable', 'fabletools',
'fable.prophet', 'feasts', 'fracdiff', 'ggplot2', 'gt', 'lubridate',
'magrittr', 'parallel', 'readr', 'scales', 'tibble', 'tidyr',
'tsibble', 'urca'
Adding so many packages to the search path is excessive and importing
selectively is preferable.
Flavor: r-oldrel-macos-x86_64