Last updated on 2025-02-22 11:51:27 CET.
Flavor | Version | Tinstall | Tcheck | Ttotal | Status | Flags |
---|---|---|---|---|---|---|
r-devel-linux-x86_64-debian-clang | 0.4-7 | 7.64 | 69.32 | 76.96 | NOTE | |
r-devel-linux-x86_64-debian-gcc | 0.4-7 | 5.08 | 50.83 | 55.91 | NOTE | |
r-devel-linux-x86_64-fedora-clang | 0.4-7 | 122.65 | NOTE | |||
r-devel-linux-x86_64-fedora-gcc | 0.4-7 | 133.33 | NOTE | |||
r-devel-macos-arm64 | 0.4-7 | 46.00 | NOTE | |||
r-devel-macos-x86_64 | 0.4-7 | 84.00 | NOTE | |||
r-devel-windows-x86_64 | 0.4-7 | 9.00 | 123.00 | 132.00 | NOTE | |
r-patched-linux-x86_64 | 0.4-7 | 9.41 | 65.33 | 74.74 | NOTE | |
r-release-linux-x86_64 | 0.4-7 | 6.55 | 65.79 | 72.34 | NOTE | |
r-release-macos-arm64 | 0.4-7 | 50.00 | NOTE | |||
r-release-macos-x86_64 | 0.4-7 | 118.00 | NOTE | |||
r-release-windows-x86_64 | 0.4-7 | 8.00 | 113.00 | 121.00 | NOTE | |
r-oldrel-macos-arm64 | 0.4-7 | 43.00 | OK | |||
r-oldrel-macos-x86_64 | 0.4-7 | 70.00 | OK | |||
r-oldrel-windows-x86_64 | 0.4-7 | 10.00 | 124.00 | 134.00 | OK |
Version: 0.4-7
Check: Rd files
Result: NOTE
checkRd: (-1) trapezoidalApproximation-methods.Rd:49: Lost braces; missing escapes or markup?
49 | For example, if Val(A) < EV_{1/3}(A) or Val(A) > EV_{2/3}(A),
| ^
checkRd: (-1) trapezoidalApproximation-methods.Rd:49: Lost braces; missing escapes or markup?
49 | For example, if Val(A) < EV_{1/3}(A) or Val(A) > EV_{2/3}(A),
| ^
Flavors: r-devel-linux-x86_64-debian-clang, r-devel-linux-x86_64-debian-gcc, r-devel-linux-x86_64-fedora-clang, r-devel-linux-x86_64-fedora-gcc, r-devel-macos-arm64, r-devel-macos-x86_64, r-devel-windows-x86_64, r-patched-linux-x86_64, r-release-linux-x86_64, r-release-macos-arm64, r-release-macos-x86_64, r-release-windows-x86_64