CRAN Package Check Results for Package GARCHIto

Last updated on 2025-05-25 06:51:04 CEST.

Flavor Version Tinstall Tcheck Ttotal Status Flags
r-devel-linux-x86_64-debian-clang 0.1.0 1.95 57.67 59.62 NOTE
r-devel-linux-x86_64-debian-gcc 0.1.0 1.64 39.55 41.19 NOTE
r-devel-linux-x86_64-fedora-clang 0.1.0 93.09 OK
r-devel-linux-x86_64-fedora-gcc 0.1.0 100.41 OK
r-devel-windows-x86_64 0.1.0 4.00 73.00 77.00 OK
r-patched-linux-x86_64 0.1.0 1.99 52.57 54.56 OK
r-release-linux-x86_64 0.1.0 2.13 52.22 54.35 OK
r-release-macos-arm64 0.1.0 38.00 OK
r-release-macos-x86_64 0.1.0 77.00 OK
r-release-windows-x86_64 0.1.0 3.00 69.00 72.00 OK
r-oldrel-macos-arm64 0.1.0 33.00 OK
r-oldrel-macos-x86_64 0.1.0 60.00 OK
r-oldrel-windows-x86_64 0.1.0 4.00 78.00 82.00 OK

Check Details

Version: 0.1.0
Check: CRAN incoming feasibility
Result: NOTE Maintainer: ‘Xinyu Song <song.xinyu@mail.shufe.edu.cn>’ No Authors@R field in DESCRIPTION. Please add one, modifying Authors@R: person(given = "Xinyu", family = "Song", role = c("aut", "cre"), email = "song.xinyu@mail.shufe.edu.cn") as necessary. Flavors: r-devel-linux-x86_64-debian-clang, r-devel-linux-x86_64-debian-gcc

mirror server hosted at Truenetwork, Russian Federation.