CRAN Package Check Results for Package GDILM.SEIRS

Last updated on 2025-11-03 11:49:42 CET.

Flavor Version Tinstall Tcheck Ttotal Status Flags
r-devel-linux-x86_64-debian-clang 0.0.4 5.92 269.20 275.12 OK
r-devel-linux-x86_64-debian-gcc 0.0.4 4.35 189.50 193.85 OK
r-devel-linux-x86_64-fedora-clang 0.0.5 20.00 294.80 314.80 OK
r-devel-linux-x86_64-fedora-gcc 0.0.4 13.00 ERROR
r-devel-windows-x86_64 0.0.4 7.00 252.00 259.00 OK
r-patched-linux-x86_64 0.0.4 5.89 254.13 260.02 OK
r-release-linux-x86_64 0.0.4 5.55 223.82 229.37 ERROR
r-release-macos-arm64 0.0.5 2.00 80.00 82.00 OK
r-release-macos-x86_64 0.0.5 6.00 162.00 168.00 OK
r-release-windows-x86_64 0.0.4 7.00 247.00 254.00 OK
r-oldrel-macos-arm64 0.0.5 3.00 83.00 86.00 OK
r-oldrel-macos-x86_64 0.0.5 5.00 181.00 186.00 OK
r-oldrel-windows-x86_64 0.0.5 6.00 160.00 166.00 OK

Check Details

Version: 0.0.4
Check: tests
Result: ERROR Running ‘testthat.R’ [266s/347s] Running the tests in ‘tests/testthat.R’ failed. Complete output: > # This file is part of the standard setup for testthat. > # It is recommended that you do not modify it. > # > # Where should you do additional test configuration? > # Learn more about the roles of various files in: > # * https://r-pkgs.org/testing-design.html#sec-tests-files-overview > # * https://testthat.r-lib.org/articles/special-files.html > > library(testthat) > library(GDILM.SEIRS) > > test_check("GDILM.SEIRS") [ FAIL 1 | WARN 0 | SKIP 0 | PASS 1 ] ══ Failed tests ════════════════════════════════════════════════════════════════ ── Error ('test-GDILM_SEIRS_Sim_Par_Est.R:2:3'): An example for a simulation study ── Error in `if (det(EndY5) < epsilon) { EndY5 <- EndY5 + diag(epsilon, nrow(EndY5)) }`: missing value where TRUE/FALSE needed Backtrace: ▆ 1. └─GDILM.SEIRS::GDILM_SEIRS_Sim_Par_Est(...) at test-GDILM_SEIRS_Sim_Par_Est.R:2:3 2. └─GDILM.SEIRS (local) estfun(...) [ FAIL 1 | WARN 0 | SKIP 0 | PASS 1 ] Error: Test failures Execution halted Flavor: r-devel-linux-x86_64-fedora-gcc

Version: 0.0.4
Check: tests
Result: ERROR Running ‘testthat.R’ [187s/249s] Running the tests in ‘tests/testthat.R’ failed. Complete output: > # This file is part of the standard setup for testthat. > # It is recommended that you do not modify it. > # > # Where should you do additional test configuration? > # Learn more about the roles of various files in: > # * https://r-pkgs.org/testing-design.html#sec-tests-files-overview > # * https://testthat.r-lib.org/articles/special-files.html > > library(testthat) > library(GDILM.SEIRS) > > test_check("GDILM.SEIRS") [ FAIL 1 | WARN 0 | SKIP 0 | PASS 1 ] ══ Failed tests ════════════════════════════════════════════════════════════════ ── Error ('test-GDILM_SEIRS_Sim_Par_Est.R:2:3'): An example for a simulation study ── Error in `if (det(EndY5) < epsilon) { EndY5 <- EndY5 + diag(epsilon, nrow(EndY5)) }`: missing value where TRUE/FALSE needed Backtrace: ▆ 1. └─GDILM.SEIRS::GDILM_SEIRS_Sim_Par_Est(...) at test-GDILM_SEIRS_Sim_Par_Est.R:2:3 2. └─GDILM.SEIRS (local) estfun(...) [ FAIL 1 | WARN 0 | SKIP 0 | PASS 1 ] Error: Test failures Execution halted Flavor: r-release-linux-x86_64

mirror server hosted at Truenetwork, Russian Federation.