CRAN Package Check Results for Package GFGM.copula

Last updated on 2025-11-24 17:49:59 CET.

Flavor Version Tinstall Tcheck Ttotal Status Flags
r-devel-linux-x86_64-debian-clang 1.0.4 11.08 68.39 79.47 NOTE
r-devel-linux-x86_64-debian-gcc 1.0.4 7.49 49.27 56.76 NOTE
r-devel-linux-x86_64-fedora-clang 1.0.4 21.00 98.29 119.29 OK
r-devel-linux-x86_64-fedora-gcc 1.0.4 49.00 75.42 124.42 OK
r-devel-windows-x86_64 1.0.4 13.00 75.00 88.00 OK
r-patched-linux-x86_64 1.0.4 10.21 63.95 74.16 OK
r-release-linux-x86_64 1.0.4 10.44 63.26 73.70 OK
r-release-macos-arm64 1.0.4 OK
r-release-macos-x86_64 1.0.4 10.00 60.00 70.00 OK
r-release-windows-x86_64 1.0.4 11.00 93.00 104.00 OK
r-oldrel-macos-arm64 1.0.4 NOTE
r-oldrel-macos-x86_64 1.0.4 8.00 45.00 53.00 NOTE
r-oldrel-windows-x86_64 1.0.4 15.00 89.00 104.00 NOTE

Check Details

Version: 1.0.4
Check: CRAN incoming feasibility
Result: NOTE Maintainer: ‘Jia-Han Shih <tommy355097@gmail.com>’ No Authors@R field in DESCRIPTION. Please add one, modifying Authors@R: person(given = "Jia-Han", family = "Shih", role = c("aut", "cre"), email = "tommy355097@gmail.com") as necessary. Flavors: r-devel-linux-x86_64-debian-clang, r-devel-linux-x86_64-debian-gcc

Version: 1.0.4
Check: LazyData
Result: NOTE 'LazyData' is specified without a 'data' directory Flavors: r-oldrel-macos-arm64, r-oldrel-macos-x86_64, r-oldrel-windows-x86_64

mirror server hosted at Truenetwork, Russian Federation.