Last updated on 2025-05-12 06:50:18 CEST.
Flavor | Version | Tinstall | Tcheck | Ttotal | Status | Flags |
---|---|---|---|---|---|---|
r-devel-linux-x86_64-debian-clang | 0.1.0 | 2.11 | 31.22 | 33.33 | OK | |
r-devel-linux-x86_64-debian-gcc | 0.1.0 | 1.61 | 23.71 | 25.32 | OK | |
r-devel-linux-x86_64-fedora-clang | 0.1.0 | 52.85 | NOTE | |||
r-devel-linux-x86_64-fedora-gcc | 0.1.0 | 51.93 | NOTE | |||
r-devel-windows-x86_64 | 0.1.0 | 4.00 | 56.00 | 60.00 | OK | |
r-patched-linux-x86_64 | 0.1.0 | 2.34 | 30.08 | 32.42 | OK | |
r-release-linux-x86_64 | 0.1.0 | 2.14 | 30.01 | 32.15 | OK | |
r-release-macos-arm64 | 0.1.0 | 22.00 | OK | |||
r-release-macos-x86_64 | 0.1.0 | 33.00 | OK | |||
r-release-windows-x86_64 | 0.1.0 | 5.00 | 56.00 | 61.00 | OK | |
r-oldrel-macos-arm64 | 0.1.0 | 20.00 | OK | |||
r-oldrel-macos-x86_64 | 0.1.0 | 28.00 | OK | |||
r-oldrel-windows-x86_64 | 0.1.0 | 5.00 | 62.00 | 67.00 | OK |
Version: 0.1.0
Check: dependencies in R code
Result: NOTE
Namespaces in Imports field not imported from:
‘AER’ ‘MASS’ ‘Matrix’ ‘censReg’ ‘effects’ ‘foreign’ ‘lme4’ ‘lmtest’
‘nnet’ ‘pBrackets’ ‘plm’ ‘pscl’ ‘sandwich’
All declared Imports should be used.
Flavors: r-devel-linux-x86_64-fedora-clang, r-devel-linux-x86_64-fedora-gcc