Last updated on 2024-06-30 00:59:15 CEST.
Flavor | Version | Tinstall | Tcheck | Ttotal | Status | Flags |
---|---|---|---|---|---|---|
r-devel-linux-x86_64-debian-clang | 1.4 | 9.64 | 801.82 | 811.46 | OK | |
r-devel-linux-x86_64-debian-gcc | 1.4 | 8.11 | 540.65 | 548.76 | OK | |
r-devel-linux-x86_64-fedora-clang | 1.4 | 1009.05 | NOTE | |||
r-devel-linux-x86_64-fedora-gcc | 1.4 | 980.50 | OK | |||
r-devel-windows-x86_64 | 1.4 | 11.00 | 132.00 | 143.00 | NOTE | --no-vignettes |
r-patched-linux-x86_64 | 1.4 | 12.62 | 757.93 | 770.55 | OK | |
r-release-linux-x86_64 | 1.4 | 11.05 | 776.53 | 787.58 | OK | |
r-release-macos-arm64 | 1.4 | 216.00 | NOTE | |||
r-release-macos-x86_64 | 1.4 | 393.00 | NOTE | |||
r-release-windows-x86_64 | 1.4 | 11.00 | 135.00 | 146.00 | NOTE | --no-vignettes |
r-oldrel-macos-arm64 | 1.4 | 212.00 | NOTE | |||
r-oldrel-macos-x86_64 | 1.4 | 551.00 | NOTE | |||
r-oldrel-windows-x86_64 | 1.4 | 13.00 | 148.00 | 161.00 | NOTE | --no-vignettes |
Version: 1.4
Check: installed package size
Result: NOTE
installed size is 5.3Mb
sub-directories of 1Mb or more:
data 1.4Mb
doc 3.5Mb
Flavors: r-devel-linux-x86_64-fedora-clang, r-release-macos-arm64, r-release-macos-x86_64, r-oldrel-macos-arm64, r-oldrel-macos-x86_64
Version: 1.4
Flags: --no-vignettes
Check: installed package size
Result: NOTE
installed size is 5.2Mb
sub-directories of 1Mb or more:
data 1.4Mb
doc 3.5Mb
Flavors: r-devel-windows-x86_64, r-release-windows-x86_64, r-oldrel-windows-x86_64