Last updated on 2025-07-12 12:48:30 CEST.
Flavor | Version | Tinstall | Tcheck | Ttotal | Status | Flags |
---|---|---|---|---|---|---|
r-devel-linux-x86_64-debian-clang | 1.0 | 4.97 | 42.83 | 47.80 | NOTE | |
r-devel-linux-x86_64-debian-gcc | 1.0 | 2.87 | 31.56 | 34.43 | NOTE | |
r-devel-linux-x86_64-fedora-clang | 1.0 | 77.83 | OK | |||
r-devel-linux-x86_64-fedora-gcc | 1.0 | 78.05 | OK | |||
r-devel-windows-x86_64 | 1.0 | 7.00 | 60.00 | 67.00 | OK | |
r-patched-linux-x86_64 | 1.0 | 4.63 | 39.91 | 44.54 | OK | |
r-release-linux-x86_64 | 1.0 | 4.46 | 39.75 | 44.21 | OK | |
r-release-macos-arm64 | 1.0 | 31.00 | OK | |||
r-release-macos-x86_64 | 1.0 | 71.00 | OK | |||
r-release-windows-x86_64 | 1.0 | 7.00 | 63.00 | 70.00 | OK | |
r-oldrel-macos-arm64 | 1.0 | 31.00 | OK | |||
r-oldrel-macos-x86_64 | 1.0 | 46.00 | OK | |||
r-oldrel-windows-x86_64 | 1.0 | 7.00 | 71.00 | 78.00 | OK |
Version: 1.0
Check: CRAN incoming feasibility
Result: NOTE
Maintainer: ‘Xueyuan Cao <xcao12@uthsc.edu>’
Found the following \keyword or \concept entries
which likely give several index terms:
File ‘gsda.Rd’:
\keyword{association;}
\keyword{enrichment;}
Flavors: r-devel-linux-x86_64-debian-clang, r-devel-linux-x86_64-debian-gcc