CRAN Package Check Results for Package GSMX

Last updated on 2025-05-25 06:51:07 CEST.

Flavor Version Tinstall Tcheck Ttotal Status Flags
r-devel-linux-x86_64-debian-clang 1.3 1.72 21.25 22.97 NOTE
r-devel-linux-x86_64-debian-gcc 1.3 1.46 17.98 19.44 NOTE
r-devel-linux-x86_64-fedora-clang 1.3 35.17 OK
r-devel-linux-x86_64-fedora-gcc 1.3 33.63 OK
r-devel-windows-x86_64 1.3 4.00 77.00 81.00 OK
r-patched-linux-x86_64 1.3 1.70 20.56 22.26 OK
r-release-linux-x86_64 1.3 1.47 20.58 22.05 OK
r-release-macos-arm64 1.3 16.00 OK
r-release-macos-x86_64 1.3 25.00 OK
r-release-windows-x86_64 1.3 2.00 44.00 46.00 OK
r-oldrel-macos-arm64 1.3 15.00 OK
r-oldrel-macos-x86_64 1.3 22.00 OK
r-oldrel-windows-x86_64 1.3 2.00 44.00 46.00 OK

Check Details

Version: 1.3
Check: CRAN incoming feasibility
Result: NOTE Maintainer: ‘Zhenyu Jia <ajia.ucr@gmail.com>’ No Authors@R field in DESCRIPTION. Please add one, modifying Authors@R: person(given = "Zhenyu", family = "Jia", role = c("aut", "cre"), email = "ajia.ucr@gmail.com") as necessary. Flavors: r-devel-linux-x86_64-debian-clang, r-devel-linux-x86_64-debian-gcc

mirror server hosted at Truenetwork, Russian Federation.